Last updated on 2020-04-25 01:53:14 CEST.
Flavor | Version | Tinstall | Tcheck | Ttotal | Status | Flags |
---|---|---|---|---|---|---|
r-devel-linux-x86_64-debian-clang | 0.1.1 | 4.78 | 43.12 | 47.90 | OK | |
r-devel-linux-x86_64-debian-gcc | 0.1.1 | 4.29 | 33.15 | 37.44 | OK | |
r-devel-linux-x86_64-fedora-clang | 0.1.1 | 60.61 | OK | |||
r-devel-linux-x86_64-fedora-gcc | 0.1.1 | 59.06 | OK | |||
r-devel-windows-ix86+x86_64 | 0.1.1 | 23.00 | 62.00 | 85.00 | OK | |
r-patched-linux-x86_64 | 0.1.1 | 4.79 | 41.02 | 45.81 | OK | |
r-patched-osx-x86_64 | 0.1.1 | WARN | ||||
r-patched-solaris-x86 | 0.1.1 | 85.30 | OK | |||
r-release-linux-x86_64 | 0.1.1 | 4.46 | 38.07 | 42.53 | OK | |
r-release-windows-ix86+x86_64 | 0.1.1 | 19.00 | 85.00 | 104.00 | OK | |
r-release-osx-x86_64 | 0.1.1 | OK | ||||
r-oldrel-windows-ix86+x86_64 | 0.1.1 | 6.00 | 58.00 | 64.00 | OK | |
r-oldrel-osx-x86_64 | 0.1.1 | OK |
Version: 0.1.1
Check: re-building of vignette outputs
Result: WARN
Error(s) in re-building vignettes:
...
--- re-building ‘rcrtan-vignette.Rmd’ using rmarkdown
dyld: lazy symbol binding failed: Symbol not found: ____chkstk_darwin
Referenced from: /usr/local/bin/pandoc (which was built for Mac OS X 10.15)
Expected in: /usr/lib/libSystem.B.dylib
dyld: Symbol not found: ____chkstk_darwin
Referenced from: /usr/local/bin/pandoc (which was built for Mac OS X 10.15)
Expected in: /usr/lib/libSystem.B.dylib
Error: processing vignette 'rcrtan-vignette.Rmd' failed with diagnostics:
pandoc document conversion failed with error 6
--- failed re-building ‘rcrtan-vignette.Rmd’
SUMMARY: processing the following file failed:
‘rcrtan-vignette.Rmd’
Error: Vignette re-building failed.
Execution halted
Flavor: r-patched-osx-x86_64