CRAN Package Check Results for Package rcartocolor

Last updated on 2020-04-25 01:53:14 CEST.

Flavor Version Tinstall Tcheck Ttotal Status Flags
r-devel-linux-x86_64-debian-clang 2.0.0 4.04 40.82 44.86 NOTE
r-devel-linux-x86_64-debian-gcc 2.0.0 3.43 32.24 35.67 OK
r-devel-linux-x86_64-fedora-clang 2.0.0 55.49 OK
r-devel-linux-x86_64-fedora-gcc 2.0.0 56.51 OK
r-devel-windows-ix86+x86_64 2.0.0 16.00 60.00 76.00 OK
r-patched-linux-x86_64 2.0.0 3.70 39.72 43.42 OK
r-patched-osx-x86_64 2.0.0 OK
r-patched-solaris-x86 2.0.0 81.40 OK
r-release-linux-x86_64 2.0.0 3.40 37.08 40.48 OK
r-release-windows-ix86+x86_64 2.0.0 14.00 54.00 68.00 OK
r-release-osx-x86_64 2.0.0 OK
r-oldrel-windows-ix86+x86_64 2.0.0 5.00 75.00 80.00 OK
r-oldrel-osx-x86_64 2.0.0 OK

Check Details

Version: 2.0.0
Check: package dependencies
Result: NOTE
    Package suggested but not available for checking: 'vdiffr'
Flavor: r-devel-linux-x86_64-debian-clang