CRAN Package Check Results for Package rbitcoinchartsapi

Last updated on 2020-04-25 01:53:14 CEST.

Flavor Version Tinstall Tcheck Ttotal Status Flags
r-devel-linux-x86_64-debian-clang 1.0.4 2.73 24.63 27.36 NOTE
r-devel-linux-x86_64-debian-gcc 1.0.4 2.17 20.39 22.56 NOTE
r-devel-linux-x86_64-fedora-clang 1.0.4 34.24 NOTE
r-devel-linux-x86_64-fedora-gcc 1.0.4 33.43 NOTE
r-devel-windows-ix86+x86_64 1.0.4 7.00 38.00 45.00 NOTE
r-patched-linux-x86_64 1.0.4 2.51 24.46 26.97 NOTE
r-patched-osx-x86_64 1.0.4 NOTE
r-patched-solaris-x86 1.0.4 53.10 NOTE
r-release-linux-x86_64 1.0.4 2.10 23.01 25.11 NOTE
r-release-windows-ix86+x86_64 1.0.4 5.00 34.00 39.00 NOTE
r-release-osx-x86_64 1.0.4 NOTE
r-oldrel-windows-ix86+x86_64 1.0.4 3.00 37.00 40.00 NOTE
r-oldrel-osx-x86_64 1.0.4 NOTE

Check Details

Version: 1.0.4
Check: R code for possible problems
Result: NOTE
    GetHistoricTradeData: no visible global function definition for
     'read.csv'
    Undefined global functions or variables:
     read.csv
    Consider adding
     importFrom("utils", "read.csv")
    to your NAMESPACE file.
Flavors: r-devel-linux-x86_64-debian-clang, r-devel-linux-x86_64-debian-gcc, r-devel-linux-x86_64-fedora-clang, r-devel-linux-x86_64-fedora-gcc, r-devel-windows-ix86+x86_64, r-patched-linux-x86_64, r-patched-osx-x86_64, r-patched-solaris-x86, r-release-linux-x86_64, r-release-windows-ix86+x86_64, r-release-osx-x86_64, r-oldrel-windows-ix86+x86_64, r-oldrel-osx-x86_64