CRAN Package Check Results for Package rbi

Last updated on 2020-04-25 01:53:14 CEST.

Flavor Version Tinstall Tcheck Ttotal Status Flags
r-devel-linux-x86_64-debian-clang 0.10.3 6.85 42.77 49.62 OK --no-examples --no-tests --no-vignettes
r-devel-linux-x86_64-debian-gcc 0.10.3 5.31 33.78 39.09 OK --no-examples --no-tests --no-vignettes
r-devel-linux-x86_64-fedora-clang 0.10.3 112.73 NOTE
r-devel-linux-x86_64-fedora-gcc 0.10.3 78.71 NOTE
r-devel-windows-ix86+x86_64 0.10.3 19.00 128.00 147.00 OK
r-patched-linux-x86_64 0.10.3 7.16 42.07 49.23 OK --no-examples --no-tests --no-vignettes
r-patched-osx-x86_64 0.10.3 OK
r-patched-solaris-x86 0.10.3 150.00 NOTE
r-release-linux-x86_64 0.10.3 4.88 40.52 45.40 OK --no-examples --no-tests --no-vignettes
r-release-windows-ix86+x86_64 0.10.3 15.00 76.00 91.00 OK
r-release-osx-x86_64 0.10.3 OK
r-oldrel-windows-ix86+x86_64 0.10.3 8.00 108.00 116.00 OK
r-oldrel-osx-x86_64 0.10.2 OK

Check Details

Version: 0.10.3
Check: for non-standard things in the check directory
Result: NOTE
    Found the following files/directories:
     ‘PZ.bi’ ‘mu_sigma.nc’
Flavors: r-devel-linux-x86_64-fedora-clang, r-devel-linux-x86_64-fedora-gcc, r-patched-solaris-x86