CRAN Package Check Results for Package raws.profile

Last updated on 2020-04-25 01:53:14 CEST.

Flavor Version Tinstall Tcheck Ttotal Status Flags
r-devel-linux-x86_64-debian-clang 0.1.0 2.03 21.66 23.69 OK
r-devel-linux-x86_64-debian-gcc 0.1.0 1.66 17.41 19.07 OK
r-devel-linux-x86_64-fedora-clang 0.1.0 30.65 NOTE
r-devel-linux-x86_64-fedora-gcc 0.1.0 29.81 NOTE
r-devel-windows-ix86+x86_64 0.1.0 10.00 34.00 44.00 OK
r-patched-linux-x86_64 0.1.0 2.13 21.18 23.31 OK
r-patched-osx-x86_64 0.1.0 NOTE
r-patched-solaris-x86 0.1.0 49.80 NOTE
r-release-linux-x86_64 0.1.0 1.40 19.99 21.39 OK
r-release-windows-ix86+x86_64 0.1.0 7.00 48.00 55.00 OK
r-release-osx-x86_64 0.1.0 NOTE
r-oldrel-windows-ix86+x86_64 0.1.0 3.00 34.00 37.00 OK
r-oldrel-osx-x86_64 0.1.0 NOTE

Check Details

Version: 0.1.0
Check: dependencies in R code
Result: NOTE
    Namespace in Imports field not imported from: ‘withr’
     All declared Imports should be used.
Flavors: r-devel-linux-x86_64-fedora-clang, r-devel-linux-x86_64-fedora-gcc, r-patched-osx-x86_64, r-patched-solaris-x86, r-release-osx-x86_64, r-oldrel-osx-x86_64