CRAN Package Check Results for Package rasciidoc

Last updated on 2020-04-25 01:53:14 CEST.

Flavor Version Tinstall Tcheck Ttotal Status Flags
r-devel-linux-x86_64-debian-clang 2.1.1 2.63 35.21 37.84 OK
r-devel-linux-x86_64-debian-gcc 2.1.1 2.06 28.24 30.30 OK
r-devel-linux-x86_64-fedora-clang 2.1.1 45.67 OK
r-devel-linux-x86_64-fedora-gcc 2.1.1 45.25 OK
r-devel-windows-ix86+x86_64 2.1.1 12.00 59.00 71.00 OK
r-patched-linux-x86_64 2.1.1 2.25 34.56 36.81 OK
r-patched-osx-x86_64 2.1.1 OK
r-patched-solaris-x86 2.1.1 69.30 WARN
r-release-linux-x86_64 2.1.1 1.92 32.95 34.87 OK
r-release-windows-ix86+x86_64 2.1.1 12.00 78.00 90.00 OK
r-release-osx-x86_64 2.1.1 OK
r-oldrel-windows-ix86+x86_64 2.1.1 4.00 57.00 61.00 OK
r-oldrel-osx-x86_64 2.0.1 OK

Check Details

Version: 2.1.1
Check: re-building of vignette outputs
Result: WARN
    Error(s) in re-building vignettes:
     ...
    --- re-building ‘An_Introduction_to_rasciidoc.Rasciidoc’ using rasciidoc
    Warning in run_knit(file_name, knit = knit, envir = envir, write_to_disk = write_to_disk) :
     Setting option knit to TRUE based on the file contents!
    
    
    processing file: /home/ripley/R/packages/tests32/rasciidoc.Rcheck/vign_test/rasciidoc/vignettes/An_Introduction_to_rasciidoc.Rasciidoc
     ordinary text without R code
    
    label: unnamed-chunk-1
     ordinary text without R code
    
    label: unnamed-chunk-2
    /bin/sh: source-highlight: not found
    asciidoc: WARNING: knit.asciidoc: line 24: filter non-zero exit code: source-highlight --gen-version -f xhtml -s r: returned 1
    asciidoc: WARNING: knit.asciidoc: line 24: no output from filter: source-highlight --gen-version -f xhtml -s r
    /bin/sh: source-highlight: not found
    asciidoc: WARNING: knit.asciidoc: line 44: filter non-zero exit code: source-highlight --gen-version -f xhtml -s r: returned 1
    asciidoc: WARNING: knit.asciidoc: line 44: no output from filter: source-highlight --gen-version -f xhtml -s r
     ordinary text without R code
    
    label: unnamed-chunk-3
     ordinary text without R code
    
    label: unnamed-chunk-4
     ordinary text without R code
    
    label: unnamed-chunk-5
    /bin/sh: source-highlight: not found
    asciidoc: FAILED: knit.asciidoc: line 26: filter error: source-highlight --gen-version -f xhtml -s r: [Errno 32] Broken pipe
     ordinary text without R code
    
    label: unnamed-chunk-6
     ordinary text without R code
    
    label: unnamed-chunk-7
     ordinary text without R code
    
    output file: /home/ripley/R/packages/tests32/rasciidoc.Rcheck/vign_test/rasciidoc/vignettes/An_Introduction_to_rasciidoc.asciidoc
    
    Warning in rasciidoc(file_name = adoc, write_to_disk = write_to_disk, asciidoc_args) :
     Can't find program `source-highlight`. Please install first (http://www.gnu.org/software/src-highlite/).
    Warning in rasciidoc(file_name = adoc, write_to_disk = write_to_disk, asciidoc_args) :
     Can't find program `asciidoc`. Please install first (www.asciidoc.org).
    /bin/sh: source-highlight: not found
    asciidoc: WARNING: An_Introduction_to_rasciidoc.asciidoc: line 22: filter non-zero exit code: source-highlight --gen-version -f xhtml -s r: returned 1
    asciidoc: WARNING: An_Introduction_to_rasciidoc.asciidoc: line 22: no output from filter: source-highlight --gen-version -f xhtml -s r
    /bin/sh: source-highlight: not found
    asciidoc: FAILED: An_Introduction_to_rasciidoc.asciidoc: line 71: filter error: source-highlight --gen-version -f xhtml -s r: [Errno 32] Broken pipe
    Error: processing vignette 'An_Introduction_to_rasciidoc.Rasciidoc' failed with diagnostics:
    Failed to locate ‘weave’ output file ‘An_Introduction_to_rasciidoc.pdf’ or ‘An_Introduction_to_rasciidoc.html’ for vignette with name ‘An_Introduction_to_rasciidoc’ and engine ‘rasciidoc::rasciidoc’. The following files exist in working directory ‘/home/ripley/R/packages/tests32/rasciidoc.Rcheck/vign_test/rasciidoc/vignettes’: ‘An_Introduction_to_rasciidoc.Rasciidoc’ (3420 bytes), ‘An_Introduction_to_rasciidoc.asciidoc’ (11103 bytes)
    --- failed re-building ‘An_Introduction_to_rasciidoc.Rasciidoc’
    
    SUMMARY: processing the following file failed:
     ‘An_Introduction_to_rasciidoc.Rasciidoc’
    
    Error: Vignette re-building failed.
    Execution halted
Flavor: r-patched-solaris-x86