Last updated on 2020-04-25 01:53:14 CEST.
Flavor | Version | Tinstall | Tcheck | Ttotal | Status | Flags |
---|---|---|---|---|---|---|
r-devel-linux-x86_64-debian-clang | 0.12.1 | 101.12 | 100.21 | 201.33 | OK | |
r-devel-linux-x86_64-debian-gcc | 0.12.1 | 74.07 | 78.75 | 152.82 | OK | |
r-devel-linux-x86_64-fedora-clang | 0.12.1 | 274.18 | NOTE | |||
r-devel-linux-x86_64-fedora-gcc | 0.12.1 | 255.69 | OK | |||
r-devel-windows-ix86+x86_64 | 0.12.1 | 259.00 | 151.00 | 410.00 | OK | |
r-patched-linux-x86_64 | 0.12.1 | 89.90 | 97.81 | 187.71 | OK | |
r-patched-osx-x86_64 | 0.12.1 | NOTE | ||||
r-patched-solaris-x86 | 0.12.1 | 340.90 | OK | |||
r-release-linux-x86_64 | 0.12.1 | 88.12 | 91.03 | 179.15 | OK | |
r-release-windows-ix86+x86_64 | 0.12.1 | 250.00 | 141.00 | 391.00 | OK | |
r-release-osx-x86_64 | 0.12.1 | NOTE | ||||
r-oldrel-windows-ix86+x86_64 | 0.12.1 | 176.00 | 187.00 | 363.00 | OK | |
r-oldrel-osx-x86_64 | 0.12.1 | NOTE |
Version: 0.12.1
Check: installed package size
Result: NOTE
installed size is 8.9Mb
sub-directories of 1Mb or more:
libs 8.6Mb
Flavors: r-devel-linux-x86_64-fedora-clang, r-patched-osx-x86_64, r-release-osx-x86_64, r-oldrel-osx-x86_64