CRAN Package Check Results for Package randomsearch

Last updated on 2020-04-25 01:53:14 CEST.

Flavor Version Tinstall Tcheck Ttotal Status Flags
r-devel-linux-x86_64-debian-clang 0.2.0 6.23 202.27 208.50 OK
r-devel-linux-x86_64-debian-gcc 0.2.0 6.03 153.23 159.26 OK
r-devel-linux-x86_64-fedora-clang 0.2.0 224.79 OK
r-devel-linux-x86_64-fedora-gcc 0.2.0 239.38 OK
r-devel-windows-ix86+x86_64 0.2.0 33.00 166.00 199.00 OK
r-patched-linux-x86_64 0.2.0 6.91 196.02 202.93 OK
r-patched-osx-x86_64 0.2.0 WARN
r-patched-solaris-x86 0.2.0 303.30 ERROR
r-release-linux-x86_64 0.2.0 4.37 182.06 186.43 OK
r-release-windows-ix86+x86_64 0.2.0 26.00 160.00 186.00 OK
r-release-osx-x86_64 0.2.0 OK
r-oldrel-windows-ix86+x86_64 0.2.0 8.00 227.00 235.00 OK
r-oldrel-osx-x86_64 0.2.0 OK

Check Details

Version: 0.2.0
Check: re-building of vignette outputs
Result: WARN
    Error(s) in re-building vignettes:
     ...
    --- re-building ‘randomsearch.Rmd’ using rmarkdown
    dyld: lazy symbol binding failed: Symbol not found: ____chkstk_darwin
     Referenced from: /usr/local/bin/pandoc (which was built for Mac OS X 10.15)
     Expected in: /usr/lib/libSystem.B.dylib
    
    dyld: Symbol not found: ____chkstk_darwin
     Referenced from: /usr/local/bin/pandoc (which was built for Mac OS X 10.15)
     Expected in: /usr/lib/libSystem.B.dylib
    
    Error: processing vignette 'randomsearch.Rmd' failed with diagnostics:
    pandoc document conversion failed with error 6
    --- failed re-building ‘randomsearch.Rmd’
    
    SUMMARY: processing the following file failed:
     ‘randomsearch.Rmd’
    
    Error: Vignette re-building failed.
    Execution halted
Flavor: r-patched-osx-x86_64

Version: 0.2.0
Check: tests
Result: ERROR
     Running ‘testthat.R’ [191s/233s]
    Running the tests in ‘tests/testthat.R’ failed.
    Complete output:
     > library(testthat)
     > library(randomsearch)
     Loading required package: ParamHelpers
     Loading required package: smoof
     Loading required package: checkmate
     >
     > test_check("randomsearch")
     Error : [ENOENT] Failed to stat '/tmp/RtmpsraWsD/working_dir/Rtmp63aaBb/file2d8fa85980/2_153': no such file or directory
     ── 1. Error: parallel randomsearch works with parallelMap (@test_randomsearch.R#
     [ENOENT] Failed to stat '/tmp/RtmpsraWsD/working_dir/Rtmp63aaBb/file2d8fa85980/2_153': no such file or directory
    
     Backtrace:
     1. randomsearch::randomsearch(...)
     2. randomsearch:::randomsearch.smoof_function(...)
     3. parallelMap::parallelMap(...)
     4. parallelMap:::checkResultsAndStopWithErrorsMessages(res)
     5. parallelMap:::stopWithJobErrorMessages(...)
     6. BBmisc::stopf(...)
    
     ══ testthat results ═══════════════════════════════════════════════════════════
     [ OK: 69 | SKIPPED: 0 | WARNINGS: 0 | FAILED: 1 ]
     1. Error: parallel randomsearch works with parallelMap (@test_randomsearch.R#83)
    
     Error: testthat unit tests failed
     Execution halted
Flavor: r-patched-solaris-x86