CRAN Package Check Results for Package rTRNG

Last updated on 2020-04-25 01:53:16 CEST.

Flavor Version Tinstall Tcheck Ttotal Status Flags
r-devel-linux-x86_64-debian-clang 4.20-1 149.41 170.39 319.80 NOTE
r-devel-linux-x86_64-debian-gcc 4.20-1 112.38 118.80 231.18 NOTE
r-devel-linux-x86_64-fedora-clang 4.20-1 423.39 NOTE
r-devel-linux-x86_64-fedora-gcc 4.20-1 406.08 NOTE
r-devel-windows-ix86+x86_64 4.20-1 351.00 238.00 589.00 NOTE
r-patched-linux-x86_64 4.20-1 123.12 154.54 277.66 NOTE
r-patched-osx-x86_64 4.20-1 WARN
r-patched-solaris-x86 4.20-1 387.70 WARN
r-release-linux-x86_64 4.20-1 121.69 136.94 258.63 NOTE
r-release-windows-ix86+x86_64 4.20-1 402.00 212.00 614.00 NOTE
r-release-osx-x86_64 4.20-1 ERROR
r-oldrel-windows-ix86+x86_64 4.20-1 298.00 270.00 568.00 NOTE
r-oldrel-osx-x86_64 4.20-1 ERROR

Additional issues

valgrind

Check Details

Version: 4.20-1
Check: for GNU extensions in Makefiles
Result: NOTE
    GNU make is a SystemRequirements.
Flavors: r-devel-linux-x86_64-debian-clang, r-devel-linux-x86_64-debian-gcc, r-devel-linux-x86_64-fedora-clang, r-devel-linux-x86_64-fedora-gcc, r-devel-windows-ix86+x86_64, r-patched-linux-x86_64, r-patched-osx-x86_64, r-patched-solaris-x86, r-release-linux-x86_64, r-release-windows-ix86+x86_64, r-release-osx-x86_64, r-oldrel-windows-ix86+x86_64, r-oldrel-osx-x86_64

Version: 4.20-1
Check: installed package size
Result: NOTE
     installed size is 30.7Mb
     sub-directories of 1Mb or more:
     doc 7.8Mb
     libs 21.9Mb
Flavors: r-devel-linux-x86_64-fedora-clang, r-devel-windows-ix86+x86_64, r-patched-osx-x86_64, r-patched-solaris-x86, r-release-windows-ix86+x86_64, r-release-osx-x86_64, r-oldrel-windows-ix86+x86_64, r-oldrel-osx-x86_64

Version: 4.20-1
Check: re-building of vignette outputs
Result: WARN
    Error(s) in re-building vignettes:
    --- re-building ‘mcMat.Rmd’ using rmarkdown
    Warning in engine$weave(file, quiet = quiet, encoding = enc) :
     Pandoc (>= 1.12.3) and/or pandoc-citeproc not available. Falling back to R Markdown v1.
    ld: warning: text-based stub file /System/Library/Frameworks//CoreFoundation.framework/CoreFoundation.tbd and library file /System/Library/Frameworks//CoreFoundation.framework/CoreFoundation are out of sync. Falling back to library file for linking.
    Quitting from lines 20-26 (mcMat.Rmd)
    Error: processing vignette 'mcMat.Rmd' failed with diagnostics:
    unable to load shared object '/private/var/folders/08/nc4f1s3x1jqd9ln5mnvrqzqh0000gp/T/Rtmpobbg0J/sourceCpp-x86_64-apple-darwin17.0-1.0.4/sourcecpp_858d12b83398/sourceCpp_2.so':
     dlopen(/private/var/folders/08/nc4f1s3x1jqd9ln5mnvrqzqh0000gp/T/Rtmpobbg0J/sourceCpp-x86_64-apple-darwin17.0-1.0.4/sourcecpp_858d12b83398/sourceCpp_2.so, 6): Library not loaded: rTRNG.so
     Referenced from: /private/var/folders/08/nc4f1s3x1jqd9ln5mnvrqzqh0000gp/T/Rtmpobbg0J/sourceCpp-x86_64-apple-darwin17.0-1.0.4/sourcecpp_858d12b83398/sourceCpp_2.so
     Reason: image not found
    --- failed re-building ‘mcMat.Rmd’
    
    --- re-building ‘rTRNG.Rmd’ using rmarkdown
    Warning in engine$weave(file, quiet = quiet, encoding = enc) :
     Pandoc (>= 1.12.3) and/or pandoc-citeproc not available. Falling back to R Markdown v1.
    Building shared library for Rcpp code chunk...
    ld: warning: text-based stub file /System/Library/Frameworks//CoreFoundation.framework/CoreFoundation.tbd and library file /System/Library/Frameworks//CoreFoundation.framework/CoreFoundation are out of sync. Falling back to library file for linking.
    Quitting from lines 106-129 (rTRNG.Rmd)
    Error: processing vignette 'rTRNG.Rmd' failed with diagnostics:
    unable to load shared object '/private/var/folders/08/nc4f1s3x1jqd9ln5mnvrqzqh0000gp/T/RtmpGQNIcZ/sourceCpp-x86_64-apple-darwin17.0-1.0.4/sourcecpp_86c355fae1e4/sourceCpp_2.so':
     dlopen(/private/var/folders/08/nc4f1s3x1jqd9ln5mnvrqzqh0000gp/T/RtmpGQNIcZ/sourceCpp-x86_64-apple-darwin17.0-1.0.4/sourcecpp_86c355fae1e4/sourceCpp_2.so, 6): Library not loaded: rTRNG.so
     Referenced from: /private/var/folders/08/nc4f1s3x1jqd9ln5mnvrqzqh0000gp/T/RtmpGQNIcZ/sourceCpp-x86_64-apple-darwin17.0-1.0.4/sourcecpp_86c355fae1e4/sourceCpp_2.so
     Reason: image not found
    --- failed re-building ‘rTRNG.Rmd’
    
    --- re-building ‘rTRNG.useR2017.pdf.asis’ using asis
    --- finished re-building ‘rTRNG.useR2017.pdf.asis’
    
    SUMMARY: processing the following files failed:
     ‘mcMat.Rmd’ ‘rTRNG.Rmd’
    
    Error: Vignette re-building failed.
    Execution halted
Flavor: r-patched-osx-x86_64

Version: 4.20-1
Check: re-building of vignette outputs
Result: WARN
    Error(s) in re-building vignettes:
     ...
    --- re-building ‘mcMat.Rmd’ using rmarkdown
    Warning in engine$weave(file, quiet = quiet, encoding = enc) :
     Pandoc (>= 1.12.3) and/or pandoc-citeproc not available. Falling back to R Markdown v1.
    "/home/ripley/R/Lib32/rTRNG/include/trng/special_functions.hpp", line 219: Error: Badly formed constant expression.
    "/home/ripley/R/Lib32/rTRNG/include/trng/special_functions.hpp", line 235: Error: Badly formed constant expression.
    "/home/ripley/R/Lib32/rTRNG/include/trng/special_functions.hpp", line 416: Error: Badly formed constant expression.
    "/home/ripley/R/Lib32/rTRNG/include/trng/special_functions.hpp", line 432: Error: Badly formed constant expression.
    "/home/ripley/R/Lib32/rTRNG/include/trng/special_functions.hpp", line 987: Error: Badly formed constant expression.
    "/home/ripley/R/Lib32/rTRNG/include/trng/special_functions.hpp", line 998: Error: Badly formed constant expression.
    "/home/ripley/R/Lib32/rTRNG/include/trng/special_functions.hpp", line 1023: Error: Badly formed constant expression.
    "/home/ripley/R/Lib32/rTRNG/include/trng/special_functions.hpp", line 1034: Error: Badly formed constant expression.
    8 Error(s) detected.
    make: Fatal error: Command failed for target `mcMat.o'
    Current working directory /tmp/Rtmp.oaa3g/working_dir/RtmpJiaGma/sourceCpp-i386-pc-solaris2.10-1.0.4.6/sourcecpp_6411d94b08
    Quitting from lines 20-26 (mcMat.Rmd)
    Error: processing vignette 'mcMat.Rmd' failed with diagnostics:
    Error 1 occurred building shared library.
    --- failed re-building ‘mcMat.Rmd’
    
    --- re-building ‘rTRNG.Rmd’ using rmarkdown
    Warning in engine$weave(file, quiet = quiet, encoding = enc) :
     Pandoc (>= 1.12.3) and/or pandoc-citeproc not available. Falling back to R Markdown v1.
    Building shared library for Rcpp code chunk...
    
    > exampleCpp()
     [1] 0.908596011 0.868944127 0.354053042 0.737823978 0.005293939 0.586628362
     [7] 0.686208571 0.708826658 0.662295773 0.818212143
    --- finished re-building ‘rTRNG.Rmd’
    
    --- re-building ‘rTRNG.useR2017.pdf.asis’ using asis
    --- finished re-building ‘rTRNG.useR2017.pdf.asis’
    
    SUMMARY: processing the following file failed:
     ‘mcMat.Rmd’
    
    Error: Vignette re-building failed.
    Execution halted
Flavor: r-patched-solaris-x86

Version: 4.20-1
Check: tests
Result: ERROR
     Running ‘testthat.R’ [8s/8s]
    Running the tests in ‘tests/testthat.R’ failed.
    Last 13 lines of output:
     ══ testthat results ═══════════════════════════════════════════════════════════
     [ OK: 581 | SKIPPED: 0 | WARNINGS: 0 | FAILED: 30 ]
     1. Failure: $split errors for out-of-range subsequence indices (@test-TRNG.Engine.R#264)
     2. Failure: $split errors for out-of-range subsequence indices (@test-TRNG.Engine.R#268)
     3. Failure: $split errors for out-of-range subsequence indices (@test-TRNG.Engine.R#264)
     4. Failure: $split errors for out-of-range subsequence indices (@test-TRNG.Engine.R#268)
     5. Failure: $split errors for out-of-range subsequence indices (@test-TRNG.Engine.R#264)
     6. Failure: $split errors for out-of-range subsequence indices (@test-TRNG.Engine.R#268)
     7. Failure: $split errors for out-of-range subsequence indices (@test-TRNG.Engine.R#264)
     8. Failure: $split errors for out-of-range subsequence indices (@test-TRNG.Engine.R#268)
     9. Failure: $split errors for out-of-range subsequence indices (@test-TRNG.Engine.R#264)
     1. ...
    
     Error: testthat unit tests failed
     Execution halted
Flavors: r-release-osx-x86_64, r-oldrel-osx-x86_64

Version: 4.20-1
Check: re-building of vignette outputs
Result: WARN
    Error(s) in re-building vignettes:
    --- re-building ‘mcMat.Rmd’ using rmarkdown
    Warning in engine$weave(file, quiet = quiet, encoding = enc) :
     Pandoc (>= 1.12.3) and/or pandoc-citeproc not available. Falling back to R Markdown v1.
    Quitting from lines 20-26 (mcMat.Rmd)
    Error: processing vignette 'mcMat.Rmd' failed with diagnostics:
    unable to load shared object '/private/tmp/RtmpVfLxe2/sourceCpp-x86_64-apple-darwin15.6.0-1.0.4/sourcecpp_2c536c480ea/sourceCpp_2.so':
     dlopen(/private/tmp/RtmpVfLxe2/sourceCpp-x86_64-apple-darwin15.6.0-1.0.4/sourcecpp_2c536c480ea/sourceCpp_2.so, 6): Library not loaded: rTRNG.so
     Referenced from: /private/tmp/RtmpVfLxe2/sourceCpp-x86_64-apple-darwin15.6.0-1.0.4/sourcecpp_2c536c480ea/sourceCpp_2.so
     Reason: image not found
    --- failed re-building ‘mcMat.Rmd’
    
    --- re-building ‘rTRNG.Rmd’ using rmarkdown
    Warning in engine$weave(file, quiet = quiet, encoding = enc) :
     Pandoc (>= 1.12.3) and/or pandoc-citeproc not available. Falling back to R Markdown v1.
    Building shared library for Rcpp code chunk...
    Quitting from lines 106-129 (rTRNG.Rmd)
    Error: processing vignette 'rTRNG.Rmd' failed with diagnostics:
    unable to load shared object '/private/tmp/RtmpmJcmwW/sourceCpp-x86_64-apple-darwin15.6.0-1.0.4/sourcecpp_2c707c9ee762/sourceCpp_2.so':
     dlopen(/private/tmp/RtmpmJcmwW/sourceCpp-x86_64-apple-darwin15.6.0-1.0.4/sourcecpp_2c707c9ee762/sourceCpp_2.so, 6): Library not loaded: rTRNG.so
     Referenced from: /private/tmp/RtmpmJcmwW/sourceCpp-x86_64-apple-darwin15.6.0-1.0.4/sourcecpp_2c707c9ee762/sourceCpp_2.so
     Reason: image not found
    --- failed re-building ‘rTRNG.Rmd’
    
    --- re-building ‘rTRNG.useR2017.pdf.asis’ using asis
    --- finished re-building ‘rTRNG.useR2017.pdf.asis’
    
    SUMMARY: processing the following files failed:
     ‘mcMat.Rmd’ ‘rTRNG.Rmd’
    
    Error: Vignette re-building failed.
    Execution halted
Flavor: r-release-osx-x86_64

Version: 4.20-1
Check: re-building of vignette outputs
Result: WARN
    Error in re-building vignettes:
     ...
    Warning in engine$weave(file, quiet = quiet, encoding = enc) :
     Pandoc (>= 1.12.3) and/or pandoc-citeproc not available. Falling back to R Markdown v1.
    Quitting from lines 20-26 (mcMat.Rmd)
    Error: processing vignette 'mcMat.Rmd' failed with diagnostics:
    unable to load shared object '/private/tmp/RtmpEF8MJM/sourceCpp-x86_64-apple-darwin15.6.0-1.0.4/sourcecpp_132591fa0c103/sourceCpp_2.so':
     dlopen(/private/tmp/RtmpEF8MJM/sourceCpp-x86_64-apple-darwin15.6.0-1.0.4/sourcecpp_132591fa0c103/sourceCpp_2.so, 6): Library not loaded: rTRNG.so
     Referenced from: /private/tmp/RtmpEF8MJM/sourceCpp-x86_64-apple-darwin15.6.0-1.0.4/sourcecpp_132591fa0c103/sourceCpp_2.so
     Reason: image not found
    Execution halted
Flavor: r-oldrel-osx-x86_64