CRAN Package Check Results for Package rLindo

Last updated on 2020-04-25 01:53:15 CEST.

Flavor Version Tinstall Tcheck Ttotal Status Flags
r-devel-linux-x86_64-debian-clang 8.0.1 6.71 47.19 53.90 NOTE --no-examples --no-tests --no-vignettes
r-devel-linux-x86_64-debian-gcc 8.0.1 5.53 37.79 43.32 NOTE --no-examples --no-tests --no-vignettes
r-devel-windows-ix86+x86_64 8.0.1 42.00 83.00 125.00 NOTE
r-patched-linux-x86_64 8.0.1 5.88 47.30 53.18 NOTE --no-examples --no-tests --no-vignettes
r-patched-osx-x86_64 8.0.1 ERROR
r-release-linux-x86_64 8.0.1 5.80 44.81 50.61 NOTE --no-examples --no-tests --no-vignettes
r-release-windows-ix86+x86_64 8.0.1 33.00 100.00 133.00 NOTE
r-release-osx-x86_64 8.0.1 ERROR
r-oldrel-windows-ix86+x86_64 8.0.1 31.00 74.00 105.00 NOTE
r-oldrel-osx-x86_64 8.0.1 ERROR

Check Details

Version: 8.0.1
Flags: --no-examples --no-tests --no-vignettes
Check: dependencies in R code
Result: NOTE
    Package in Depends field not imported from: 'methods'
     These packages need to be imported from (in the NAMESPACE file)
     for when this namespace is loaded but not attached.
Flavors: r-devel-linux-x86_64-debian-clang, r-devel-linux-x86_64-debian-gcc, r-patched-linux-x86_64, r-release-linux-x86_64

Version: 8.0.1
Flags: --no-examples --no-tests --no-vignettes
Check: line endings in Makefiles
Result: NOTE
    Found the following Makefile(s) without a final LF:
     src/Makevars.in
    Some 'make' programs ignore lines not ending in LF.
Flavors: r-devel-linux-x86_64-debian-clang, r-devel-linux-x86_64-debian-gcc, r-patched-linux-x86_64, r-release-linux-x86_64

Version: 8.0.1
Check: dependencies in R code
Result: NOTE
    Package in Depends field not imported from: 'methods'
     These packages need to be imported from (in the NAMESPACE file)
     for when this namespace is loaded but not attached.
Flavors: r-devel-windows-ix86+x86_64, r-release-windows-ix86+x86_64, r-oldrel-windows-ix86+x86_64

Version: 8.0.1
Check: line endings in Makefiles
Result: NOTE
    Found the following Makefile(s) without a final LF:
     src/Makevars.in
    Some 'make' programs ignore lines not ending in LF.
Flavors: r-devel-windows-ix86+x86_64, r-release-windows-ix86+x86_64, r-oldrel-windows-ix86+x86_64

Version: 8.0.1
Check: whether package can be installed
Result: ERROR
    Installation failed.
Flavors: r-patched-osx-x86_64, r-release-osx-x86_64, r-oldrel-osx-x86_64