CRAN Package Check Results for Package rJython

Last updated on 2020-04-25 01:53:15 CEST.

Flavor Version Tinstall Tcheck Ttotal Status Flags
r-devel-linux-x86_64-debian-clang 0.0-4 4.03 46.62 50.65 NOTE
r-devel-linux-x86_64-debian-gcc 0.0-4 2.97 38.61 41.58 NOTE
r-devel-linux-x86_64-fedora-clang 0.0-4 64.45 NOTE
r-devel-linux-x86_64-fedora-gcc 0.0-4 57.58 NOTE
r-devel-windows-ix86+x86_64 0.0-4 11.00 47.00 58.00 NOTE
r-patched-linux-x86_64 0.0-4 4.27 47.71 51.98 NOTE
r-patched-osx-x86_64 0.0-4 NOTE
r-patched-solaris-x86 0.0-4 77.90 NOTE
r-release-linux-x86_64 0.0-4 3.00 44.95 47.95 NOTE
r-release-windows-ix86+x86_64 0.0-4 8.00 47.00 55.00 NOTE
r-release-osx-x86_64 0.0-4 NOTE
r-oldrel-windows-ix86+x86_64 0.0-4 7.00 46.00 53.00 NOTE
r-oldrel-osx-x86_64 0.0-4 NOTE

Check Details

Version: 0.0-4
Check: top-level files
Result: NOTE
    File
     LICENSE
    is not mentioned in the DESCRIPTION file.
Flavors: r-devel-linux-x86_64-debian-clang, r-devel-linux-x86_64-debian-gcc, r-devel-linux-x86_64-fedora-clang, r-devel-linux-x86_64-fedora-gcc, r-devel-windows-ix86+x86_64, r-patched-linux-x86_64, r-patched-osx-x86_64, r-patched-solaris-x86, r-release-linux-x86_64, r-release-windows-ix86+x86_64, r-release-osx-x86_64, r-oldrel-windows-ix86+x86_64, r-oldrel-osx-x86_64

Version: 0.0-4
Check: dependencies in R code
Result: NOTE
    'library' or 'require' call to 'rJava' which was already attached by Depends.
     Please remove these calls from your code.
Flavors: r-devel-linux-x86_64-debian-clang, r-devel-linux-x86_64-debian-gcc, r-devel-linux-x86_64-fedora-clang, r-devel-linux-x86_64-fedora-gcc, r-devel-windows-ix86+x86_64, r-patched-linux-x86_64, r-patched-osx-x86_64, r-patched-solaris-x86, r-release-linux-x86_64, r-release-windows-ix86+x86_64, r-release-osx-x86_64, r-oldrel-windows-ix86+x86_64, r-oldrel-osx-x86_64

Version: 0.0-4
Check: installed package size
Result: NOTE
     installed size is 8.5Mb
Flavors: r-devel-linux-x86_64-fedora-clang, r-devel-windows-ix86+x86_64, r-patched-osx-x86_64, r-patched-solaris-x86, r-release-windows-ix86+x86_64, r-release-osx-x86_64, r-oldrel-windows-ix86+x86_64, r-oldrel-osx-x86_64