CRAN Package Check Results for Package rJPSGCS

Last updated on 2020-04-25 01:53:15 CEST.

Flavor Version Tinstall Tcheck Ttotal Status Flags
r-devel-linux-x86_64-debian-clang 0.2-10 11.00 81.11 92.11 OK
r-devel-linux-x86_64-debian-gcc 0.2-10 8.85 63.28 72.13 OK
r-devel-linux-x86_64-fedora-clang 0.2-10 114.55 OK
r-devel-linux-x86_64-fedora-gcc 0.2-10 116.23 OK
r-devel-windows-ix86+x86_64 0.2-10 35.00 127.00 162.00 OK
r-patched-linux-x86_64 0.2-10 9.94 79.31 89.25 OK
r-patched-osx-x86_64 0.2-10 ERROR
r-release-linux-x86_64 0.2-10 8.10 72.14 80.24 OK
r-release-windows-ix86+x86_64 0.2-10 24.00 115.00 139.00 OK
r-release-osx-x86_64 0.2-10 OK
r-oldrel-windows-ix86+x86_64 0.2-10 28.00 107.00 135.00 OK
r-oldrel-osx-x86_64 0.2-10 OK

Check Details

Version: 0.2-10
Check: package dependencies
Result: ERROR
    Package required but not available: ‘chopsticks’
    
    See section ‘The DESCRIPTION file’ in the ‘Writing R Extensions’
    manual.
Flavor: r-patched-osx-x86_64