CRAN Package Check Results for Package rDNAse

Last updated on 2020-04-25 01:53:14 CEST.

Flavor Version Tinstall Tcheck Ttotal Status Flags
r-devel-linux-x86_64-debian-clang 1.1-1 3.75 38.79 42.54 OK
r-devel-linux-x86_64-debian-gcc 1.1-1 2.38 30.15 32.53 OK
r-devel-linux-x86_64-fedora-clang 1.1-1 52.52 OK
r-devel-linux-x86_64-fedora-gcc 1.1-1 51.43 OK
r-devel-windows-ix86+x86_64 1.1-1 11.00 57.00 68.00 OK
r-patched-linux-x86_64 1.1-1 3.84 37.76 41.60 OK
r-patched-osx-x86_64 1.1-1 NOTE
r-patched-solaris-x86 1.1-1 70.70 OK
r-release-linux-x86_64 1.1-1 2.77 35.70 38.47 OK
r-release-windows-ix86+x86_64 1.1-1 11.00 54.00 65.00 OK
r-release-osx-x86_64 1.1-1 NOTE
r-oldrel-windows-ix86+x86_64 1.1-1 7.00 54.00 61.00 OK
r-oldrel-osx-x86_64 1.1-1 OK

Check Details

Version: 1.1-1
Check: package dependencies
Result: NOTE
    Package suggested but not available for checking: ‘org.Hs.eg.db’
Flavor: r-patched-osx-x86_64

Version: 1.1-1
Check: package dependencies
Result: NOTE
    Packages suggested but not available for checking:
     'Biostrings', 'GOSemSim', 'org.Hs.eg.db'
Flavor: r-release-osx-x86_64