CRAN Package Check Results for Package rClinicalCodes

Last updated on 2020-04-25 01:53:14 CEST.

Flavor Version Tinstall Tcheck Ttotal Status Flags
r-devel-linux-x86_64-debian-clang 1.0.1 4.01 36.68 40.69 NOTE
r-devel-linux-x86_64-debian-gcc 1.0.1 3.76 29.50 33.26 NOTE
r-devel-linux-x86_64-fedora-clang 1.0.1 50.35 NOTE
r-devel-linux-x86_64-fedora-gcc 1.0.1 50.37 NOTE
r-devel-windows-ix86+x86_64 1.0.1 14.00 54.00 68.00 NOTE
r-patched-linux-x86_64 1.0.1 3.45 36.40 39.85 NOTE
r-patched-osx-x86_64 1.0.1 NOTE
r-patched-solaris-x86 1.0.1 86.00 NOTE
r-release-linux-x86_64 1.0.1 2.96 33.63 36.59 NOTE
r-release-windows-ix86+x86_64 1.0.1 15.00 48.00 63.00 NOTE
r-release-osx-x86_64 1.0.1 NOTE
r-oldrel-windows-ix86+x86_64 1.0.1 5.00 48.00 53.00 NOTE
r-oldrel-osx-x86_64 1.0.1 NOTE

Check Details

Version: 1.0.1
Check: DESCRIPTION meta-information
Result: NOTE
    Malformed Description field: should contain one or more complete sentences.
Flavors: r-devel-linux-x86_64-debian-clang, r-devel-linux-x86_64-debian-gcc, r-devel-linux-x86_64-fedora-clang, r-devel-linux-x86_64-fedora-gcc, r-devel-windows-ix86+x86_64, r-patched-linux-x86_64, r-patched-osx-x86_64, r-patched-solaris-x86, r-release-linux-x86_64, r-release-windows-ix86+x86_64, r-release-osx-x86_64, r-oldrel-windows-ix86+x86_64, r-oldrel-osx-x86_64

Version: 1.0.1
Check: R code for possible problems
Result: NOTE
    get_ClinicalCodes: no visible global function definition for 'read.csv'
    get_ClinicalCodes : <anonymous>: no visible global function definition
     for 'read.csv'
    Undefined global functions or variables:
     read.csv
    Consider adding
     importFrom("utils", "read.csv")
    to your NAMESPACE file.
Flavors: r-devel-linux-x86_64-debian-clang, r-devel-linux-x86_64-debian-gcc, r-devel-linux-x86_64-fedora-clang, r-devel-linux-x86_64-fedora-gcc, r-devel-windows-ix86+x86_64, r-patched-linux-x86_64, r-patched-osx-x86_64, r-patched-solaris-x86, r-release-linux-x86_64, r-release-windows-ix86+x86_64, r-release-osx-x86_64, r-oldrel-windows-ix86+x86_64, r-oldrel-osx-x86_64