CRAN Package Check Results for Package rChoiceDialogs

Last updated on 2020-04-25 01:53:14 CEST.

Flavor Version Tinstall Tcheck Ttotal Status Flags
r-devel-linux-x86_64-debian-clang 1.0.6 3.62 36.40 40.02 NOTE
r-devel-linux-x86_64-debian-gcc 1.0.6 3.02 29.18 32.20 NOTE
r-devel-linux-x86_64-fedora-clang 1.0.6 50.64 NOTE
r-devel-linux-x86_64-fedora-gcc 1.0.6 52.16 NOTE
r-devel-windows-ix86+x86_64 1.0.6 12.00 53.00 65.00 NOTE
r-patched-linux-x86_64 1.0.6 3.98 35.98 39.96 NOTE
r-patched-osx-x86_64 1.0.6 NOTE
r-patched-solaris-x86 1.0.6 73.40 NOTE
r-release-linux-x86_64 1.0.6 3.14 33.51 36.65 NOTE
r-release-windows-ix86+x86_64 1.0.6 7.00 51.00 58.00 NOTE
r-release-osx-x86_64 1.0.6 NOTE
r-oldrel-windows-ix86+x86_64 1.0.6 8.00 51.00 59.00 NOTE
r-oldrel-osx-x86_64 1.0.6 NOTE

Check Details

Version: 1.0.6
Check: DESCRIPTION meta-information
Result: NOTE
    Malformed Description field: should contain one or more complete sentences.
Flavors: r-devel-linux-x86_64-debian-clang, r-devel-linux-x86_64-debian-gcc, r-devel-linux-x86_64-fedora-clang, r-devel-linux-x86_64-fedora-gcc, r-devel-windows-ix86+x86_64, r-patched-linux-x86_64, r-patched-osx-x86_64, r-patched-solaris-x86, r-release-linux-x86_64, r-release-windows-ix86+x86_64, r-release-osx-x86_64, r-oldrel-windows-ix86+x86_64, r-oldrel-osx-x86_64

Version: 1.0.6
Check: R code for possible problems
Result: NOTE
    .onAttach: no visible global function definition for
     'packageDescription'
    rselect.list: no visible global function definition for 'select.list'
    Undefined global functions or variables:
     packageDescription select.list
    Consider adding
     importFrom("utils", "packageDescription", "select.list")
    to your NAMESPACE file.
Flavors: r-devel-linux-x86_64-debian-clang, r-devel-linux-x86_64-debian-gcc, r-devel-linux-x86_64-fedora-clang, r-devel-linux-x86_64-fedora-gcc, r-devel-windows-ix86+x86_64, r-patched-linux-x86_64, r-patched-osx-x86_64, r-patched-solaris-x86, r-release-linux-x86_64, r-release-windows-ix86+x86_64, r-release-osx-x86_64, r-oldrel-windows-ix86+x86_64, r-oldrel-osx-x86_64