CRAN Package Check Results for Package r4ss

Last updated on 2020-04-25 01:53:14 CEST.

Flavor Version Tinstall Tcheck Ttotal Status Flags
r-devel-linux-x86_64-debian-clang 1.36.1 43.29 182.57 225.86 OK
r-devel-linux-x86_64-debian-gcc 1.36.1 37.78 134.90 172.68 OK
r-devel-linux-x86_64-fedora-clang 1.36.1 269.10 OK
r-devel-linux-x86_64-fedora-gcc 1.36.1 272.67 OK
r-devel-windows-ix86+x86_64 1.36.1 98.00 171.00 269.00 OK
r-patched-linux-x86_64 1.36.1 41.05 176.57 217.62 OK
r-patched-osx-x86_64 1.36.1 WARN
r-patched-solaris-x86 1.36.1 331.70 OK
r-release-linux-x86_64 1.36.1 38.32 159.78 198.10 OK
r-release-windows-ix86+x86_64 1.36.1 80.00 152.00 232.00 OK
r-release-osx-x86_64 1.36.1 OK
r-oldrel-windows-ix86+x86_64 1.36.1 43.00 207.00 250.00 OK
r-oldrel-osx-x86_64 1.36.1 OK

Check Details

Version: 1.36.1
Check: re-building of vignette outputs
Result: WARN
    Error(s) in re-building vignettes:
     ...
    --- re-building ‘r4ss-intro-vignette.Rmd’ using rmarkdown
    dyld: lazy symbol binding failed: Symbol not found: ____chkstk_darwin
     Referenced from: /usr/local/bin/pandoc (which was built for Mac OS X 10.15)
     Expected in: /usr/lib/libSystem.B.dylib
    
    dyld: Symbol not found: ____chkstk_darwin
     Referenced from: /usr/local/bin/pandoc (which was built for Mac OS X 10.15)
     Expected in: /usr/lib/libSystem.B.dylib
    
    Error: processing vignette 'r4ss-intro-vignette.Rmd' failed with diagnostics:
    pandoc document conversion failed with error 6
    --- failed re-building ‘r4ss-intro-vignette.Rmd’
    
    SUMMARY: processing the following file failed:
     ‘r4ss-intro-vignette.Rmd’
    
    Error: Vignette re-building failed.
    Execution halted
Flavor: r-patched-osx-x86_64