CRAN Package Check Results for Package qwraps2

Last updated on 2020-04-25 01:53:14 CEST.

Flavor Version Tinstall Tcheck Ttotal Status Flags
r-devel-linux-x86_64-debian-clang 0.4.2 40.26 62.74 103.00 OK
r-devel-linux-x86_64-debian-gcc 0.4.2 21.58 48.59 70.17 OK
r-devel-linux-x86_64-fedora-clang 0.4.2 132.92 OK
r-devel-linux-x86_64-fedora-gcc 0.4.2 122.82 OK
r-devel-windows-ix86+x86_64 0.4.2 98.00 119.00 217.00 OK
r-patched-linux-x86_64 0.4.2 28.26 61.02 89.28 OK
r-patched-osx-x86_64 0.4.2 WARN
r-patched-solaris-x86 0.4.2 148.50 OK
r-release-linux-x86_64 0.4.2 29.86 58.29 88.15 OK
r-release-windows-ix86+x86_64 0.4.2 98.00 114.00 212.00 OK
r-release-osx-x86_64 0.4.2 OK
r-oldrel-windows-ix86+x86_64 0.4.2 50.00 150.00 200.00 OK
r-oldrel-osx-x86_64 0.4.2 OK

Check Details

Version: 0.4.2
Check: re-building of vignette outputs
Result: WARN
    Error(s) in re-building vignettes:
     ...
    --- re-building ‘summary-statistics.Rmd’ using rmarkdown
    dyld: lazy symbol binding failed: Symbol not found: ____chkstk_darwin
     Referenced from: /usr/local/bin/pandoc (which was built for Mac OS X 10.15)
     Expected in: /usr/lib/libSystem.B.dylib
    
    dyld: Symbol not found: ____chkstk_darwin
     Referenced from: /usr/local/bin/pandoc (which was built for Mac OS X 10.15)
     Expected in: /usr/lib/libSystem.B.dylib
    
    Error: processing vignette 'summary-statistics.Rmd' failed with diagnostics:
    pandoc document conversion failed with error 6
    --- failed re-building ‘summary-statistics.Rmd’
    
    SUMMARY: processing the following file failed:
     ‘summary-statistics.Rmd’
    
    Error: Vignette re-building failed.
    Execution halted
Flavor: r-patched-osx-x86_64