CRAN Package Check Results for Package quokar

Last updated on 2020-04-25 01:53:14 CEST.

Flavor Version Tinstall Tcheck Ttotal Status Flags
r-devel-linux-x86_64-debian-clang 0.1.0 13.93 140.01 153.94 OK
r-devel-linux-x86_64-debian-gcc 0.1.0 12.59 102.87 115.46 OK
r-devel-linux-x86_64-fedora-clang 0.1.0 182.59 NOTE
r-devel-linux-x86_64-fedora-gcc 0.1.0 181.17 NOTE
r-devel-windows-ix86+x86_64 0.1.0 44.00 177.00 221.00 OK
r-patched-linux-x86_64 0.1.0 15.12 129.16 144.28 OK
r-patched-osx-x86_64 0.1.0 WARN
r-patched-solaris-x86 0.1.0 250.80 NOTE
r-release-linux-x86_64 0.1.0 13.06 119.96 133.02 OK
r-release-windows-ix86+x86_64 0.1.0 42.00 173.00 215.00 OK
r-release-osx-x86_64 0.1.0 NOTE
r-oldrel-windows-ix86+x86_64 0.1.0 18.00 180.00 198.00 OK
r-oldrel-osx-x86_64 0.1.0 NOTE

Check Details

Version: 0.1.0
Check: dependencies in R code
Result: NOTE
    Namespaces in Imports field not imported from:
     ‘MCMCpack’ ‘gridExtra’ ‘knitr’
     All declared Imports should be used.
Flavors: r-devel-linux-x86_64-fedora-clang, r-devel-linux-x86_64-fedora-gcc, r-patched-osx-x86_64, r-patched-solaris-x86, r-release-osx-x86_64, r-oldrel-osx-x86_64

Version: 0.1.0
Check: re-building of vignette outputs
Result: WARN
    Error(s) in re-building vignettes:
    --- re-building ‘quokar.Rmd’ using rmarkdown
    Loading required package: SparseM
    
    Attaching package: 'SparseM'
    
    The following object is masked from 'package:base':
    
     backsolve
    
    
    Attaching package: 'dplyr'
    
    The following object is masked from 'package:gridExtra':
    
     combine
    
    The following objects are masked from 'package:stats':
    
     filter, lag
    
    The following objects are masked from 'package:base':
    
     intersect, setdiff, setequal, union
    
    Smoothing formula not specified. Using: y ~ x
    Smoothing formula not specified. Using: y ~ x
    Smoothing formula not specified. Using: y ~ x
    Smoothing formula not specified. Using: y ~ x
    `geom_smooth()` using formula 'y ~ x'
    Smoothing formula not specified. Using: y ~ x
    Smoothing formula not specified. Using: y ~ x
    Smoothing formula not specified. Using: y ~ x
    Smoothing formula not specified. Using: y ~ x
    Smoothing formula not specified. Using: y ~ x
    Smoothing formula not specified. Using: y ~ x
    Smoothing formula not specified. Using: y ~ x
    Smoothing formula not specified. Using: y ~ x
    dyld: lazy symbol binding failed: Symbol not found: ____chkstk_darwin
     Referenced from: /usr/local/bin/pandoc (which was built for Mac OS X 10.15)
     Expected in: /usr/lib/libSystem.B.dylib
    
    dyld: Symbol not found: ____chkstk_darwin
     Referenced from: /usr/local/bin/pandoc (which was built for Mac OS X 10.15)
     Expected in: /usr/lib/libSystem.B.dylib
    
    Error: processing vignette 'quokar.Rmd' failed with diagnostics:
    pandoc document conversion failed with error 6
    --- failed re-building ‘quokar.Rmd’
    
    SUMMARY: processing the following file failed:
     ‘quokar.Rmd’
    
    Error: Vignette re-building failed.
    Execution halted
Flavor: r-patched-osx-x86_64