CRAN Package Check Results for Package quanteda.textmodels

Last updated on 2020-04-25 01:53:14 CEST.

Flavor Version Tinstall Tcheck Ttotal Status Flags
r-devel-linux-x86_64-debian-clang 0.9.1 119.64 403.14 522.78 OK
r-devel-linux-x86_64-debian-gcc 0.9.1 82.16 316.01 398.17 OK
r-devel-linux-x86_64-fedora-clang 0.9.1 665.41 NOTE
r-devel-linux-x86_64-fedora-gcc 0.9.1 696.80 NOTE
r-devel-windows-ix86+x86_64 0.9.1 314.00 543.00 857.00 NOTE
r-patched-linux-x86_64 0.9.1 92.17 391.15 483.32 OK
r-patched-osx-x86_64 0.9.1 WARN
r-patched-solaris-x86 0.9.1 1088.40 NOTE
r-release-linux-x86_64 0.9.1 90.26 362.84 453.10 OK
r-release-windows-ix86+x86_64 0.9.1 271.00 510.00 781.00 NOTE
r-release-osx-x86_64 0.9.1 NOTE
r-oldrel-windows-ix86+x86_64 0.9.1 176.00 671.00 847.00 NOTE
r-oldrel-osx-x86_64 0.9.1 NOTE

Check Details

Version: 0.9.1
Check: installed package size
Result: NOTE
     installed size is 11.1Mb
     sub-directories of 1Mb or more:
     data 3.9Mb
     libs 6.9Mb
Flavors: r-devel-linux-x86_64-fedora-clang, r-devel-windows-ix86+x86_64, r-patched-osx-x86_64, r-release-windows-ix86+x86_64, r-release-osx-x86_64, r-oldrel-windows-ix86+x86_64, r-oldrel-osx-x86_64

Version: 0.9.1
Check: data for non-ASCII characters
Result: NOTE
     Note: found 35707 marked UTF-8 strings
Flavors: r-devel-linux-x86_64-fedora-clang, r-devel-linux-x86_64-fedora-gcc, r-patched-osx-x86_64, r-patched-solaris-x86, r-release-osx-x86_64, r-oldrel-osx-x86_64

Version: 0.9.1
Check: re-building of vignette outputs
Result: WARN
    Error(s) in re-building vignettes:
     ...
    --- re-building ‘textmodel_performance.Rmd’ using rmarkdown
    dyld: lazy symbol binding failed: Symbol not found: ____chkstk_darwin
     Referenced from: /usr/local/bin/pandoc (which was built for Mac OS X 10.15)
     Expected in: /usr/lib/libSystem.B.dylib
    
    dyld: Symbol not found: ____chkstk_darwin
     Referenced from: /usr/local/bin/pandoc (which was built for Mac OS X 10.15)
     Expected in: /usr/lib/libSystem.B.dylib
    
    Error: processing vignette 'textmodel_performance.Rmd' failed with diagnostics:
    pandoc document conversion failed with error 6
    --- failed re-building ‘textmodel_performance.Rmd’
    
    SUMMARY: processing the following file failed:
     ‘textmodel_performance.Rmd’
    
    Error: Vignette re-building failed.
    Execution halted
Flavor: r-patched-osx-x86_64