CRAN Package Check Results for Package qualtRics

Last updated on 2020-04-25 01:53:14 CEST.

Flavor Version Tinstall Tcheck Ttotal Status Flags
r-devel-linux-x86_64-debian-clang 3.1.2 5.90 48.55 54.45 OK
r-devel-linux-x86_64-debian-gcc 3.1.2 4.96 37.54 42.50 OK
r-devel-linux-x86_64-fedora-clang 3.1.2 66.15 OK
r-devel-linux-x86_64-fedora-gcc 3.1.2 67.10 OK
r-devel-windows-ix86+x86_64 3.1.2 29.00 65.00 94.00 OK
r-patched-linux-x86_64 3.1.2 5.48 47.29 52.77 OK
r-patched-osx-x86_64 3.1.2 WARN
r-patched-solaris-x86 3.1.2 96.30 OK
r-release-linux-x86_64 3.1.2 4.44 43.91 48.35 OK
r-release-windows-ix86+x86_64 3.1.2 17.00 96.00 113.00 OK
r-release-osx-x86_64 3.1.2 OK
r-oldrel-windows-ix86+x86_64 3.1.2 6.00 62.00 68.00 OK
r-oldrel-osx-x86_64 3.1.2 OK

Check Details

Version: 3.1.2
Check: re-building of vignette outputs
Result: WARN
    Error(s) in re-building vignettes:
     ...
    --- re-building ‘qualtRics.Rmd’ using rmarkdown
    dyld: lazy symbol binding failed: Symbol not found: ____chkstk_darwin
     Referenced from: /usr/local/bin/pandoc (which was built for Mac OS X 10.15)
     Expected in: /usr/lib/libSystem.B.dylib
    
    dyld: Symbol not found: ____chkstk_darwin
     Referenced from: /usr/local/bin/pandoc (which was built for Mac OS X 10.15)
     Expected in: /usr/lib/libSystem.B.dylib
    
    Error: processing vignette 'qualtRics.Rmd' failed with diagnostics:
    pandoc document conversion failed with error 6
    --- failed re-building ‘qualtRics.Rmd’
    
    SUMMARY: processing the following file failed:
     ‘qualtRics.Rmd’
    
    Error: Vignette re-building failed.
    Execution halted
Flavor: r-patched-osx-x86_64