CRAN Package Check Results for Package qs

Last updated on 2020-04-25 01:53:13 CEST.

Flavor Version Tinstall Tcheck Ttotal Status Flags
r-devel-linux-x86_64-debian-clang 0.21.2 60.53 33.83 94.36 OK
r-devel-linux-x86_64-debian-gcc 0.21.2 47.16 26.77 73.93 OK
r-devel-linux-x86_64-fedora-clang 0.21.2 138.22 NOTE
r-devel-linux-x86_64-fedora-gcc 0.21.2 127.26 OK
r-devel-windows-ix86+x86_64 0.21.2 224.00 77.00 301.00 NOTE
r-patched-linux-x86_64 0.21.2 49.39 33.74 83.13 OK
r-patched-osx-x86_64 0.21.2 NOTE
r-patched-solaris-x86 0.21.2 150.20 OK
r-release-linux-x86_64 0.21.2 48.31 31.78 80.09 OK
r-release-windows-ix86+x86_64 0.21.2 250.00 71.00 321.00 NOTE
r-release-osx-x86_64 0.21.2 WARN
r-oldrel-windows-ix86+x86_64 0.21.2 183.00 104.00 287.00 NOTE
r-oldrel-osx-x86_64 0.21.2 WARN

Check Details

Version: 0.21.2
Check: installed package size
Result: NOTE
     installed size is 8.4Mb
     sub-directories of 1Mb or more:
     libs 7.3Mb
Flavors: r-devel-linux-x86_64-fedora-clang, r-devel-windows-ix86+x86_64, r-patched-osx-x86_64, r-release-windows-ix86+x86_64, r-release-osx-x86_64, r-oldrel-windows-ix86+x86_64, r-oldrel-osx-x86_64

Version: 0.21.2
Check: for executable files
Result: WARN
    Found the following executable file:
     src/LICENSES/LZ4_LICENSE.txt
    Source packages should not contain undeclared executable files.
    See section ‘Package structure’ in the ‘Writing R Extensions’ manual.
Flavors: r-release-osx-x86_64, r-oldrel-osx-x86_64