CRAN Package Check Results for Package qlcMatrix

Last updated on 2020-04-25 01:53:13 CEST.

Flavor Version Tinstall Tcheck Ttotal Status Flags
r-devel-linux-x86_64-debian-clang 0.9.7 8.40 102.28 110.68 OK
r-devel-linux-x86_64-debian-gcc 0.9.7 7.81 79.20 87.01 OK
r-devel-linux-x86_64-fedora-clang 0.9.7 131.97 NOTE
r-devel-linux-x86_64-fedora-gcc 0.9.7 133.07 NOTE
r-devel-windows-ix86+x86_64 0.9.7 22.00 108.00 130.00 OK
r-patched-linux-x86_64 0.9.7 9.07 101.59 110.66 OK
r-patched-osx-x86_64 0.9.7 NOTE
r-patched-solaris-x86 0.9.7 208.50 NOTE
r-release-linux-x86_64 0.9.7 8.22 91.73 99.95 OK
r-release-windows-ix86+x86_64 0.9.7 19.00 109.00 128.00 OK
r-release-osx-x86_64 0.9.7 NOTE
r-oldrel-windows-ix86+x86_64 0.9.7 9.00 149.00 158.00 OK
r-oldrel-osx-x86_64 0.9.7 NOTE

Check Details

Version: 0.9.7
Check: data for non-ASCII characters
Result: NOTE
     Note: found 76102 marked UTF-8 strings
Flavors: r-devel-linux-x86_64-fedora-clang, r-devel-linux-x86_64-fedora-gcc, r-patched-osx-x86_64, r-patched-solaris-x86, r-release-osx-x86_64, r-oldrel-osx-x86_64