Last updated on 2020-04-25 01:53:13 CEST.
Flavor | Version | Tinstall | Tcheck | Ttotal | Status | Flags |
---|---|---|---|---|---|---|
r-devel-linux-x86_64-debian-clang | 1.6.5 | 42.48 | 151.85 | 194.33 | OK | |
r-devel-linux-x86_64-debian-gcc | 1.6.5 | 34.25 | 114.34 | 148.59 | OK | |
r-devel-linux-x86_64-fedora-clang | 1.6.5 | 238.72 | NOTE | |||
r-devel-linux-x86_64-fedora-gcc | 1.6.5 | 234.63 | OK | |||
r-devel-windows-ix86+x86_64 | 1.6.5 | 119.00 | 209.00 | 328.00 | OK | |
r-patched-linux-x86_64 | 1.6.5 | 31.93 | 148.35 | 180.28 | OK | |
r-patched-osx-x86_64 | 1.6.5 | NOTE | ||||
r-patched-solaris-x86 | 1.6.5 | 301.90 | OK | |||
r-release-linux-x86_64 | 1.6.5 | 25.14 | 135.25 | 160.39 | OK | |
r-release-windows-ix86+x86_64 | 1.6.5 | 99.00 | 189.00 | 288.00 | OK | |
r-release-osx-x86_64 | 1.6.5 | OK | ||||
r-oldrel-windows-ix86+x86_64 | 1.6.5 | 54.00 | 303.00 | 357.00 | OK | |
r-oldrel-osx-x86_64 | 1.6.5 | OK |
Version: 1.6.5
Check: package dependencies
Result: NOTE
Imports includes 24 non-default packages.
Importing from so many packages makes the package vulnerable to any of
them becoming unavailable. Move as many as possible to Suggests and
use conditionally.
Flavor: r-devel-linux-x86_64-fedora-clang
Version: 1.6.5
Check: package dependencies
Result: NOTE
Package suggested but not available for checking: ‘sendplot’
Flavor: r-patched-osx-x86_64
Version: 1.6.5
Check: Rd cross-references
Result: NOTE
Package unavailable to check Rd xrefs: ‘sendplot’
Flavor: r-patched-osx-x86_64