CRAN Package Check Results for Package qVarSel

Last updated on 2020-04-25 01:53:14 CEST.

Flavor Version Tinstall Tcheck Ttotal Status Flags
r-devel-linux-x86_64-debian-clang 1.0 18.35 26.39 44.74 NOTE
r-devel-linux-x86_64-debian-gcc 1.0 10.95 20.89 31.84 NOTE
r-devel-linux-x86_64-fedora-clang 1.0 60.17 NOTE
r-devel-linux-x86_64-fedora-gcc 1.0 53.77 NOTE
r-devel-windows-ix86+x86_64 1.0 48.00 61.00 109.00 NOTE
r-patched-linux-x86_64 1.0 13.41 26.20 39.61 NOTE
r-patched-osx-x86_64 1.0 NOTE
r-patched-solaris-x86 1.0 67.70 NOTE
r-release-linux-x86_64 1.0 13.46 24.73 38.19 NOTE
r-release-windows-ix86+x86_64 1.0 50.00 52.00 102.00 NOTE
r-release-osx-x86_64 1.0 NOTE
r-oldrel-windows-ix86+x86_64 1.0 31.00 74.00 105.00 NOTE
r-oldrel-osx-x86_64 1.0 NOTE

Check Details

Version: 1.0
Check: compiled code
Result: NOTE
    File 'qVarSel/libs/qVarSel.so':
     Found 'rand', possibly from 'rand' (C)
     Object: 'qVarSelH.o'
     Found 'srand', possibly from 'srand' (C)
     Object: 'qVarSelH.o'
    
    Compiled code should not call entry points which might terminate R nor
    write to stdout/stderr instead of to the console, nor use Fortran I/O
    nor system RNGs.
    
    See 'Writing portable packages' in the 'Writing R Extensions' manual.
Flavors: r-devel-linux-x86_64-debian-clang, r-devel-linux-x86_64-debian-gcc, r-patched-linux-x86_64, r-patched-solaris-x86, r-release-linux-x86_64

Version: 1.0
Check: for non-standard things in the check directory
Result: NOTE
    Found the following files/directories:
     'chk1_1.dat' 'chk1_1.mem' 'chk1_1.noisy'
Flavors: r-devel-linux-x86_64-debian-clang, r-devel-linux-x86_64-debian-gcc, r-devel-linux-x86_64-fedora-clang, r-devel-linux-x86_64-fedora-gcc, r-patched-linux-x86_64, r-patched-solaris-x86

Version: 1.0
Check: compiled code
Result: NOTE
    File ‘qVarSel/libs/qVarSel.so’:
     Found ‘rand’, possibly from ‘rand’ (C)
     Object: ‘qVarSelH.o’
     Found ‘srand’, possibly from ‘srand’ (C)
     Object: ‘qVarSelH.o’
    File ‘qVarSel/libs/qVarSel.so’:
     Found no calls to: ‘R_registerRoutines’, ‘R_useDynamicSymbols’
    
    Compiled code should not call entry points which might terminate R nor
    write to stdout/stderr instead of to the console, nor use Fortran I/O
    nor system RNGs.
    It is good practice to register native routines and to disable symbol
    search.
    
    See ‘Writing portable packages’ in the ‘Writing R Extensions’ manual.
Flavors: r-devel-linux-x86_64-fedora-clang, r-devel-linux-x86_64-fedora-gcc

Version: 1.0
Check: compiled code
Result: NOTE
    File 'qVarSel/libs/i386/qVarSel.dll':
     Found 'rand', possibly from 'rand' (C)
     Object: 'qVarSelH.o'
     Found 'srand', possibly from 'srand' (C)
     Object: 'qVarSelH.o'
    File 'qVarSel/libs/x64/qVarSel.dll':
     Found 'rand', possibly from 'rand' (C)
     Object: 'qVarSelH.o'
     Found 'srand', possibly from 'srand' (C)
     Object: 'qVarSelH.o'
    
    Compiled code should not call entry points which might terminate R nor
    write to stdout/stderr instead of to the console, nor use Fortran I/O
    nor system RNGs.
    
    See 'Writing portable packages' in the 'Writing R Extensions' manual.
Flavors: r-devel-windows-ix86+x86_64, r-release-windows-ix86+x86_64, r-oldrel-windows-ix86+x86_64

Version: 1.0
Check: compiled code
Result: NOTE
    File ‘qVarSel/libs/qVarSel.so’:
     Found ‘_rand’, possibly from ‘rand’ (C)
     Object: ‘qVarSelH.o’
     Found ‘_srand’, possibly from ‘srand’ (C)
     Object: ‘qVarSelH.o’
    
    Compiled code should not call entry points which might terminate R nor
    write to stdout/stderr instead of to the console, nor use Fortran I/O
    nor system RNGs.
    
    See ‘Writing portable packages’ in the ‘Writing R Extensions’ manual.
Flavors: r-patched-osx-x86_64, r-release-osx-x86_64, r-oldrel-osx-x86_64