CRAN Package Check Results for Package qCBA

Last updated on 2020-04-25 01:53:13 CEST.

Flavor Version Tinstall Tcheck Ttotal Status Flags
r-devel-linux-x86_64-debian-clang 0.4 9.21 90.24 99.45 ERROR
r-devel-linux-x86_64-debian-gcc 0.4 8.83 69.22 78.05 ERROR
r-devel-linux-x86_64-fedora-clang 0.4 123.95 ERROR
r-devel-linux-x86_64-fedora-gcc 0.4 124.76 ERROR
r-devel-windows-ix86+x86_64 0.4 29.00 97.00 126.00 OK
r-patched-linux-x86_64 0.4 9.58 87.66 97.24 ERROR
r-patched-osx-x86_64 0.4 ERROR
r-release-linux-x86_64 0.4 8.67 79.81 88.48 OK
r-release-windows-ix86+x86_64 0.4 24.00 122.00 146.00 OK
r-release-osx-x86_64 0.4 OK
r-oldrel-windows-ix86+x86_64 0.4 9.00 119.00 128.00 OK
r-oldrel-osx-x86_64 0.4 OK

Check Details

Version: 0.4
Check: package dependencies
Result: NOTE
    Package suggested but not available for checking: 'sbrl'
Flavors: r-devel-linux-x86_64-debian-clang, r-devel-linux-x86_64-debian-gcc, r-devel-linux-x86_64-fedora-clang, r-devel-linux-x86_64-fedora-gcc, r-patched-linux-x86_64, r-patched-osx-x86_64

Version: 0.4
Check: examples
Result: ERROR
    Running examples in 'qCBA-Ex.R' failed
    The error most likely occurred in:
    
    > base::assign(".ptime", proc.time(), pos = "CheckExEnv")
    > ### Name: sbrlModel2arcCBARuleModel
    > ### Title: sbrlModel2arcCBARuleModel Converts a model created by 'sbrl' so
    > ### that it can be passed to qCBA
    > ### Aliases: sbrlModel2arcCBARuleModel
    >
    > ### ** Examples
    >
    > if (! requireNamespace("rCBA", quietly = TRUE)) {
    + message("Please install rCBA to allow for sbrl model conversion")
    + return()
    + } else
    + {
    + library(rCBA)
    + }
    > if (! requireNamespace("sbrl", quietly = TRUE)) {
    + message("Please install sbrl to allow for postprocessing of sbrl models")
    + return()
    + } else
    + {
    + library(sbrl)
    + }
    Please install sbrl to allow for postprocessing of sbrl models
    Error: no function to return from, jumping to top level
    Execution halted
Flavors: r-devel-linux-x86_64-debian-clang, r-devel-linux-x86_64-debian-gcc, r-patched-linux-x86_64

Version: 0.4
Check: examples
Result: ERROR
    Running examples in ‘qCBA-Ex.R’ failed
    The error most likely occurred in:
    
    > ### Name: sbrlModel2arcCBARuleModel
    > ### Title: sbrlModel2arcCBARuleModel Converts a model created by 'sbrl' so
    > ### that it can be passed to qCBA
    > ### Aliases: sbrlModel2arcCBARuleModel
    >
    > ### ** Examples
    >
    > if (! requireNamespace("rCBA", quietly = TRUE)) {
    + message("Please install rCBA to allow for sbrl model conversion")
    + return()
    + } else
    + {
    + library(rCBA)
    + }
    > if (! requireNamespace("sbrl", quietly = TRUE)) {
    + message("Please install sbrl to allow for postprocessing of sbrl models")
    + return()
    + } else
    + {
    + library(sbrl)
    + }
    Please install sbrl to allow for postprocessing of sbrl models
    Error: no function to return from, jumping to top level
    Execution halted
Flavors: r-devel-linux-x86_64-fedora-clang, r-devel-linux-x86_64-fedora-gcc, r-patched-osx-x86_64