CRAN Package Check Results for Package pxweb

Last updated on 2020-04-25 01:53:13 CEST.

Flavor Version Tinstall Tcheck Ttotal Status Flags
r-devel-linux-x86_64-debian-clang 0.9.1 9.65 53.15 62.80 OK
r-devel-linux-x86_64-debian-gcc 0.9.1 7.44 40.99 48.43 OK
r-devel-linux-x86_64-fedora-clang 0.9.1 75.33 OK
r-devel-linux-x86_64-fedora-gcc 0.9.1 74.97 OK
r-devel-windows-ix86+x86_64 0.9.1 22.00 67.00 89.00 OK
r-patched-linux-x86_64 0.9.1 7.77 52.20 59.97 OK
r-patched-osx-x86_64 0.9.1 WARN
r-patched-solaris-x86 0.9.1 99.90 OK
r-release-linux-x86_64 0.9.1 6.89 48.04 54.93 OK
r-release-windows-ix86+x86_64 0.9.1 17.00 62.00 79.00 OK
r-release-osx-x86_64 0.9.1 OK
r-oldrel-windows-ix86+x86_64 0.9.1 10.00 96.00 106.00 OK
r-oldrel-osx-x86_64 0.9.1 OK

Check Details

Version: 0.9.1
Check: re-building of vignette outputs
Result: WARN
    Error(s) in re-building vignettes:
     ...
    --- re-building ‘pxweb.Rmd’ using rmarkdown
    pxweb: R tools for PX-WEB API.
    Copyright (C) 2014-2018 Mans Magnusson, Leo Lahti et al.
    https://github.com/ropengov/pxweb
    
    dyld: lazy symbol binding failed: Symbol not found: ____chkstk_darwin
     Referenced from: /usr/local/bin/pandoc (which was built for Mac OS X 10.15)
     Expected in: /usr/lib/libSystem.B.dylib
    
    dyld: Symbol not found: ____chkstk_darwin
     Referenced from: /usr/local/bin/pandoc (which was built for Mac OS X 10.15)
     Expected in: /usr/lib/libSystem.B.dylib
    
    Error: processing vignette 'pxweb.Rmd' failed with diagnostics:
    pandoc document conversion failed with error 6
    --- failed re-building ‘pxweb.Rmd’
    
    SUMMARY: processing the following file failed:
     ‘pxweb.Rmd’
    
    Error: Vignette re-building failed.
    Execution halted
Flavor: r-patched-osx-x86_64