Last updated on 2020-04-25 01:53:13 CEST.
Flavor | Version | Tinstall | Tcheck | Ttotal | Status | Flags |
---|---|---|---|---|---|---|
r-devel-linux-x86_64-debian-clang | 0.3.6 | 8.63 | 513.27 | 521.90 | OK | |
r-devel-linux-x86_64-debian-gcc | 0.3.6 | 6.65 | 413.57 | 420.22 | OK | |
r-devel-linux-x86_64-fedora-clang | 0.3.6 | 569.79 | OK | |||
r-devel-linux-x86_64-fedora-gcc | 0.3.6 | 554.95 | OK | |||
r-devel-windows-ix86+x86_64 | 0.3.6 | 21.00 | 438.00 | 459.00 | OK | |
r-patched-linux-x86_64 | 0.3.6 | 8.63 | 480.66 | 489.29 | OK | |
r-patched-osx-x86_64 | 0.3.6 | OK | ||||
r-patched-solaris-x86 | 0.3.6 | 799.40 | OK | |||
r-release-linux-x86_64 | 0.3.6 | 6.79 | 414.77 | 421.56 | OK | |
r-release-windows-ix86+x86_64 | 0.3.6 | 17.00 | 378.00 | 395.00 | OK | |
r-release-osx-x86_64 | 0.3.6 | OK | ||||
r-oldrel-windows-ix86+x86_64 | 0.3.6 | 7.00 | 469.00 | 476.00 | OK | |
r-oldrel-osx-x86_64 | 0.3.6 | ERROR |
Version: 0.3.6
Check: tests
Result: ERROR
Running ‘testthat.R’ [342s/242s]
Running the tests in ‘tests/testthat.R’ failed.
Last 13 lines of output:
> testthat::test_check("pulsar")
── 1. Error: Job continues when subset of parallel jobs have errors/warnings (@t
2 jobs failed with: "NA detected in data"
Backtrace:
1. testthat::expect_warning(...)
9. pulsar::pulsar(...)
10. pulsar:::.try_mclapply(...)
══ testthat results ═══════════════════════════════════════════════════════════
[ OK: 315 | SKIPPED: 0 | WARNINGS: 0 | FAILED: 1 ]
1. Error: Job continues when subset of parallel jobs have errors/warnings (@test_errorreporting.R#76)
Error: testthat unit tests failed
Execution halted
Flavor: r-oldrel-osx-x86_64