CRAN Package Check Results for Package pullword

Last updated on 2020-04-25 01:53:13 CEST.

Flavor Version Tinstall Tcheck Ttotal Status Flags
r-devel-linux-x86_64-debian-clang 0.2 3.49 25.08 28.57 OK
r-devel-linux-x86_64-debian-gcc 0.2 2.86 19.41 22.27 OK
r-devel-linux-x86_64-fedora-clang 0.2 34.91 NOTE
r-devel-linux-x86_64-fedora-gcc 0.2 34.26 NOTE
r-devel-windows-ix86+x86_64 0.2 16.00 53.00 69.00 OK
r-patched-linux-x86_64 0.2 3.58 24.20 27.78 OK
r-patched-osx-x86_64 0.2 OK
r-patched-solaris-x86 0.2 57.20 OK
r-release-linux-x86_64 0.2 2.77 22.14 24.91 OK
r-release-windows-ix86+x86_64 0.2 11.00 41.00 52.00 OK
r-release-osx-x86_64 0.2 OK
r-oldrel-windows-ix86+x86_64 0.2 8.00 48.00 56.00 OK
r-oldrel-osx-x86_64 0.2 OK

Check Details

Version: 0.2
Check: compiled code
Result: NOTE
    File ‘pullword/libs/pullword.so’:
     Found no calls to: ‘R_registerRoutines’, ‘R_useDynamicSymbols’
    
    It is good practice to register native routines and to disable symbol
    search.
    
    See ‘Writing portable packages’ in the ‘Writing R Extensions’ manual.
Flavors: r-devel-linux-x86_64-fedora-clang, r-devel-linux-x86_64-fedora-gcc