CRAN Package Check Results for Package publipha

Last updated on 2020-04-25 01:53:13 CEST.

Flavor Version Tinstall Tcheck Ttotal Status Flags
r-devel-linux-x86_64-debian-clang 0.1.1 295.73 86.12 381.85 NOTE
r-devel-linux-x86_64-debian-gcc 0.1.1 271.39 75.63 347.02 NOTE
r-devel-linux-x86_64-fedora-clang 0.1.1 527.30 NOTE
r-devel-linux-x86_64-fedora-gcc 0.1.1 603.38 NOTE
r-devel-windows-ix86+x86_64 0.1.1 695.00 169.00 864.00 NOTE
r-patched-linux-x86_64 0.1.1 266.75 97.03 363.78 NOTE
r-patched-osx-x86_64 0.1.1 NOTE
r-patched-solaris-x86 0.1.1 506.60 NOTE
r-release-linux-x86_64 0.1.1 233.01 85.62 318.63 NOTE
r-release-windows-ix86+x86_64 0.1.1 654.00 147.00 801.00 NOTE
r-release-osx-x86_64 0.1.1 NOTE
r-oldrel-windows-ix86+x86_64 0.1.1 459.00 215.00 674.00 NOTE
r-oldrel-osx-x86_64 0.1.1 NOTE

Check Details

Version: 0.1.1
Check: for GNU extensions in Makefiles
Result: NOTE
    GNU make is a SystemRequirements.
Flavors: r-devel-linux-x86_64-debian-clang, r-devel-linux-x86_64-debian-gcc, r-devel-linux-x86_64-fedora-clang, r-devel-linux-x86_64-fedora-gcc, r-devel-windows-ix86+x86_64, r-patched-linux-x86_64, r-patched-osx-x86_64, r-patched-solaris-x86, r-release-linux-x86_64, r-release-windows-ix86+x86_64, r-release-osx-x86_64, r-oldrel-windows-ix86+x86_64, r-oldrel-osx-x86_64

Version: 0.1.1
Check: installed package size
Result: NOTE
     installed size is 52.1Mb
     sub-directories of 1Mb or more:
     libs 51.6Mb
Flavors: r-devel-linux-x86_64-fedora-clang, r-devel-windows-ix86+x86_64, r-patched-osx-x86_64, r-release-windows-ix86+x86_64, r-release-osx-x86_64, r-oldrel-windows-ix86+x86_64, r-oldrel-osx-x86_64

Version: 0.1.1
Check: data for non-ASCII characters
Result: NOTE
     Note: found 35 marked UTF-8 strings
Flavors: r-devel-linux-x86_64-fedora-clang, r-devel-linux-x86_64-fedora-gcc, r-patched-osx-x86_64, r-patched-solaris-x86, r-release-osx-x86_64, r-oldrel-osx-x86_64