CRAN Package Check Results for Package psymonitor

Last updated on 2020-04-25 01:53:13 CEST.

Flavor Version Tinstall Tcheck Ttotal Status Flags
r-devel-linux-x86_64-debian-clang 0.0.2 2.66 28.61 31.27 OK
r-devel-linux-x86_64-debian-gcc 0.0.2 2.02 22.60 24.62 OK
r-devel-linux-x86_64-fedora-clang 0.0.2 40.13 OK
r-devel-linux-x86_64-fedora-gcc 0.0.2 39.01 OK
r-devel-windows-ix86+x86_64 0.0.2 10.00 50.00 60.00 OK
r-patched-linux-x86_64 0.0.2 2.71 27.88 30.59 OK
r-patched-osx-x86_64 0.0.2 WARN
r-patched-solaris-x86 0.0.2 77.90 OK
r-release-linux-x86_64 0.0.2 2.21 26.02 28.23 OK
r-release-windows-ix86+x86_64 0.0.2 8.00 52.00 60.00 OK
r-release-osx-x86_64 0.0.2 OK
r-oldrel-windows-ix86+x86_64 0.0.2 3.00 77.00 80.00 OK
r-oldrel-osx-x86_64 0.0.2 OK

Check Details

Version: 0.0.2
Check: re-building of vignette outputs
Result: WARN
    Error(s) in re-building vignettes:
    --- re-building ‘illustrationBONDS.Rmd’ using rmarkdown
    dyld: lazy symbol binding failed: Symbol not found: ____chkstk_darwin
     Referenced from: /usr/local/bin/pandoc (which was built for Mac OS X 10.15)
     Expected in: /usr/lib/libSystem.B.dylib
    
    dyld: Symbol not found: ____chkstk_darwin
     Referenced from: /usr/local/bin/pandoc (which was built for Mac OS X 10.15)
     Expected in: /usr/lib/libSystem.B.dylib
    
    Error: processing vignette 'illustrationBONDS.Rmd' failed with diagnostics:
    pandoc document conversion failed with error 6
    --- failed re-building ‘illustrationBONDS.Rmd’
    
    --- re-building ‘illustrationSNP.Rmd’ using rmarkdown
    dyld: lazy symbol binding failed: Symbol not found: ____chkstk_darwin
     Referenced from: /usr/local/bin/pandoc (which was built for Mac OS X 10.15)
     Expected in: /usr/lib/libSystem.B.dylib
    
    dyld: Symbol not found: ____chkstk_darwin
     Referenced from: /usr/local/bin/pandoc (which was built for Mac OS X 10.15)
     Expected in: /usr/lib/libSystem.B.dylib
    
    Error: processing vignette 'illustrationSNP.Rmd' failed with diagnostics:
    pandoc document conversion failed with error 6
    --- failed re-building ‘illustrationSNP.Rmd’
    
    SUMMARY: processing the following files failed:
     ‘illustrationBONDS.Rmd’ ‘illustrationSNP.Rmd’
    
    Error: Vignette re-building failed.
    Execution halted
Flavor: r-patched-osx-x86_64