CRAN Package Check Results for Package psychonetrics

Last updated on 2020-04-25 01:53:13 CEST.

Flavor Version Tinstall Tcheck Ttotal Status Flags
r-devel-linux-x86_64-debian-clang 0.7.1 687.05 171.14 858.19 OK
r-devel-linux-x86_64-debian-gcc 0.7.1 605.91 130.93 736.84 OK
r-devel-linux-x86_64-fedora-clang 0.7.1 1610.27 NOTE
r-devel-linux-x86_64-fedora-gcc 0.7.1 1513.75 OK
r-devel-windows-ix86+x86_64 0.7.1 2040.00 236.00 2276.00 NOTE
r-patched-linux-x86_64 0.7.1 581.75 167.41 749.16 OK
r-patched-osx-x86_64 0.7.1 NOTE
r-patched-solaris-x86 0.7.1 1183.70 OK
r-release-linux-x86_64 0.7.1 531.84 153.76 685.60 OK
r-release-windows-ix86+x86_64 0.7.1 1887.00 221.00 2108.00 NOTE
r-release-osx-x86_64 0.7.1 NOTE
r-oldrel-windows-ix86+x86_64 0.7.1 1241.00 337.00 1578.00 NOTE
r-oldrel-osx-x86_64 0.6 NOTE

Check Details

Version: 0.7.1
Check: package dependencies
Result: NOTE
    Imports includes 22 non-default packages.
    Importing from so many packages makes the package vulnerable to any of
    them becoming unavailable. Move as many as possible to Suggests and
    use conditionally.
Flavor: r-devel-linux-x86_64-fedora-clang

Version: 0.7.1
Check: installed package size
Result: NOTE
     installed size is 53.8Mb
     sub-directories of 1Mb or more:
     libs 52.8Mb
Flavors: r-devel-linux-x86_64-fedora-clang, r-devel-windows-ix86+x86_64, r-patched-osx-x86_64, r-release-windows-ix86+x86_64, r-release-osx-x86_64, r-oldrel-windows-ix86+x86_64

Version: 0.6
Check: installed package size
Result: NOTE
     installed size is 5.9Mb
     sub-directories of 1Mb or more:
     libs 5.0Mb
Flavor: r-oldrel-osx-x86_64

Version: 0.6
Check: dependencies in R code
Result: NOTE
    Namespace in Imports field not imported from: ‘pbv’
     All declared Imports should be used.
Flavor: r-oldrel-osx-x86_64