CRAN Package Check Results for Package projpred

Last updated on 2020-04-25 01:53:13 CEST.

Flavor Version Tinstall Tcheck Ttotal Status Flags
r-devel-linux-x86_64-debian-clang 1.1.6 41.74 260.06 301.80 OK
r-devel-linux-x86_64-debian-gcc 1.1.6 31.17 189.07 220.24 OK
r-devel-linux-x86_64-fedora-clang 1.1.6 353.02 OK
r-devel-linux-x86_64-fedora-gcc 1.1.6 350.02 OK
r-devel-windows-ix86+x86_64 1.1.6 53.00 7.00 60.00 ERROR
r-patched-linux-x86_64 1.1.6 37.40 250.52 287.92 OK
r-patched-osx-x86_64 1.1.6 OK
r-patched-solaris-x86 1.1.6 428.50 OK
r-release-linux-x86_64 1.1.6 33.31 67.60 100.91 NOTE
r-release-windows-ix86+x86_64 1.1.6 104.00 419.00 523.00 OK
r-release-osx-x86_64 1.1.6 OK
r-oldrel-windows-ix86+x86_64 1.1.6 64.00 574.00 638.00 OK
r-oldrel-osx-x86_64 1.1.5 OK

Check Details

Version: 1.1.6
Check: whether package can be installed
Result: ERROR
    Installation failed.
Flavor: r-devel-windows-ix86+x86_64

Version: 1.1.6
Check: package dependencies
Result: NOTE
    Package suggested but not available for checking: ‘rstanarm’
Flavor: r-release-linux-x86_64