CRAN Package Check Results for Package probably

Last updated on 2020-04-25 01:53:13 CEST.

Flavor Version Tinstall Tcheck Ttotal Status Flags
r-devel-linux-x86_64-debian-clang 0.0.4 4.56 58.64 63.20 OK
r-devel-linux-x86_64-debian-gcc 0.0.4 4.17 45.41 49.58 OK
r-devel-linux-x86_64-fedora-clang 0.0.4 78.82 OK
r-devel-linux-x86_64-fedora-gcc 0.0.4 77.43 OK
r-devel-windows-ix86+x86_64 0.0.4 24.00 74.00 98.00 OK
r-patched-linux-x86_64 0.0.4 4.83 55.93 60.76 OK
r-patched-osx-x86_64 0.0.4 WARN
r-patched-solaris-x86 0.0.4 113.00 OK
r-release-linux-x86_64 0.0.4 4.42 54.52 58.94 OK
r-release-windows-ix86+x86_64 0.0.4 18.00 75.00 93.00 OK
r-release-osx-x86_64 0.0.4 OK
r-oldrel-windows-ix86+x86_64 0.0.4 6.00 114.00 120.00 OK
r-oldrel-osx-x86_64 0.0.4 OK

Check Details

Version: 0.0.4
Check: re-building of vignette outputs
Result: WARN
    Error(s) in re-building vignettes:
    --- re-building ‘equivocal-zones.Rmd’ using rmarkdown
    
    Attaching package: 'probably'
    
    The following objects are masked from 'package:base':
    
     as.factor, as.ordered
    
    
    Attaching package: 'dplyr'
    
    The following objects are masked from 'package:stats':
    
     filter, lag
    
    The following objects are masked from 'package:base':
    
     intersect, setdiff, setequal, union
    
    dyld: lazy symbol binding failed: Symbol not found: ____chkstk_darwin
     Referenced from: /usr/local/bin/pandoc (which was built for Mac OS X 10.15)
     Expected in: /usr/lib/libSystem.B.dylib
    
    dyld: Symbol not found: ____chkstk_darwin
     Referenced from: /usr/local/bin/pandoc (which was built for Mac OS X 10.15)
     Expected in: /usr/lib/libSystem.B.dylib
    
    Error: processing vignette 'equivocal-zones.Rmd' failed with diagnostics:
    pandoc document conversion failed with error 6
    --- failed re-building ‘equivocal-zones.Rmd’
    
    --- re-building ‘where-to-use.Rmd’ using rmarkdown
    
    Attaching package: 'probably'
    
    The following objects are masked from 'package:base':
    
     as.factor, as.ordered
    
    
    Attaching package: 'dplyr'
    
    The following objects are masked from 'package:stats':
    
     filter, lag
    
    The following objects are masked from 'package:base':
    
     intersect, setdiff, setequal, union
    
    Loading required package: tidyr
    dyld: lazy symbol binding failed: Symbol not found: ____chkstk_darwin
     Referenced from: /usr/local/bin/pandoc (which was built for Mac OS X 10.15)
     Expected in: /usr/lib/libSystem.B.dylib
    
    dyld: Symbol not found: ____chkstk_darwin
     Referenced from: /usr/local/bin/pandoc (which was built for Mac OS X 10.15)
     Expected in: /usr/lib/libSystem.B.dylib
    
    Error: processing vignette 'where-to-use.Rmd' failed with diagnostics:
    pandoc document conversion failed with error 6
    --- failed re-building ‘where-to-use.Rmd’
    
    SUMMARY: processing the following files failed:
     ‘equivocal-zones.Rmd’ ‘where-to-use.Rmd’
    
    Error: Vignette re-building failed.
    Execution halted
Flavor: r-patched-osx-x86_64