CRAN Package Check Results for Package prioritizr

Last updated on 2020-04-25 01:53:13 CEST.

Flavor Version Tinstall Tcheck Ttotal Status Flags
r-devel-linux-x86_64-debian-clang 4.1.5 423.84 266.14 689.98 NOTE
r-devel-linux-x86_64-debian-gcc 4.1.5 276.99 202.92 479.91 NOTE
r-devel-linux-x86_64-fedora-clang 4.1.5 918.33 NOTE
r-devel-linux-x86_64-fedora-gcc 4.1.5 874.60 NOTE
r-devel-windows-ix86+x86_64 4.1.5 1085.00 350.00 1435.00 NOTE
r-patched-linux-x86_64 4.1.5 338.11 257.18 595.29 NOTE
r-patched-osx-x86_64 4.1.5 WARN
r-patched-solaris-x86 4.1.5 806.40 NOTE
r-release-linux-x86_64 4.1.5 325.23 235.45 560.68 NOTE
r-release-windows-ix86+x86_64 4.1.5 924.00 453.00 1377.00 NOTE
r-release-osx-x86_64 4.1.5 NOTE
r-oldrel-windows-ix86+x86_64 4.1.5 684.00 298.00 982.00 NOTE
r-oldrel-osx-x86_64 4.1.5 NOTE

Check Details

Version: 4.1.5
Check: package dependencies
Result: NOTE
    Packages suggested but not available for checking: 'velox', 'gurobi'
Flavors: r-devel-linux-x86_64-debian-clang, r-devel-linux-x86_64-debian-gcc, r-devel-linux-x86_64-fedora-clang, r-devel-linux-x86_64-fedora-gcc, r-patched-linux-x86_64, r-release-linux-x86_64

Version: 4.1.5
Check: Rd cross-references
Result: NOTE
    Unknown package 'velox' in Rd xrefs
Flavors: r-devel-linux-x86_64-debian-clang, r-devel-linux-x86_64-debian-gcc, r-devel-linux-x86_64-fedora-clang, r-devel-linux-x86_64-fedora-gcc, r-patched-linux-x86_64, r-patched-osx-x86_64, r-patched-solaris-x86, r-release-linux-x86_64

Version: 4.1.5
Check: installed package size
Result: NOTE
     installed size is 19.4Mb
     sub-directories of 1Mb or more:
     doc 1.2Mb
     libs 16.1Mb
Flavors: r-devel-linux-x86_64-fedora-clang, r-devel-windows-ix86+x86_64, r-patched-osx-x86_64, r-release-windows-ix86+x86_64, r-release-osx-x86_64, r-oldrel-windows-ix86+x86_64, r-oldrel-osx-x86_64

Version: 4.1.5
Check: package dependencies
Result: NOTE
    Package suggested but not available for checking: 'gurobi'
Flavors: r-devel-windows-ix86+x86_64, r-release-windows-ix86+x86_64, r-oldrel-windows-ix86+x86_64

Version: 4.1.5
Check: package dependencies
Result: NOTE
    Packages suggested but not available for checking:
     'velox', 'gurobi', 'lpsymphony', 'Rsymphony'
Flavors: r-patched-osx-x86_64, r-patched-solaris-x86

Version: 4.1.5
Check: re-building of vignette outputs
Result: WARN
    Error(s) in re-building vignettes:
    --- re-building ‘gurobi_installation.Rmd’ using rmarkdown_notangle
    dyld: lazy symbol binding failed: Symbol not found: ____chkstk_darwin
     Referenced from: /usr/local/bin/pandoc (which was built for Mac OS X 10.15)
     Expected in: /usr/lib/libSystem.B.dylib
    
    dyld: Symbol not found: ____chkstk_darwin
     Referenced from: /usr/local/bin/pandoc (which was built for Mac OS X 10.15)
     Expected in: /usr/lib/libSystem.B.dylib
    
    Error: processing vignette 'gurobi_installation.Rmd' failed with diagnostics:
    pandoc document conversion failed with error 6
    --- failed re-building ‘gurobi_installation.Rmd’
    
    --- re-building ‘prioritizr.Rmd’ using rmarkdown_notangle
    dyld: lazy symbol binding failed: Symbol not found: ____chkstk_darwin
     Referenced from: /usr/local/bin/pandoc (which was built for Mac OS X 10.15)
     Expected in: /usr/lib/libSystem.B.dylib
    
    dyld: Symbol not found: ____chkstk_darwin
     Referenced from: /usr/local/bin/pandoc (which was built for Mac OS X 10.15)
     Expected in: /usr/lib/libSystem.B.dylib
    
    Error: processing vignette 'prioritizr.Rmd' failed with diagnostics:
    pandoc document conversion failed with error 6
    --- failed re-building ‘prioritizr.Rmd’
    
    --- re-building ‘publication_record.Rmd’ using rmarkdown_notangle
    dyld: lazy symbol binding failed: Symbol not found: ____chkstk_darwin
     Referenced from: /usr/local/bin/pandoc (which was built for Mac OS X 10.15)
     Expected in: /usr/lib/libSystem.B.dylib
    
    dyld: Symbol not found: ____chkstk_darwin
     Referenced from: /usr/local/bin/pandoc (which was built for Mac OS X 10.15)
     Expected in: /usr/lib/libSystem.B.dylib
    
    Error: processing vignette 'publication_record.Rmd' failed with diagnostics:
    pandoc document conversion failed with error 6
    --- failed re-building ‘publication_record.Rmd’
    
    --- re-building ‘saltspring.Rmd’ using rmarkdown_notangle
    dyld: lazy symbol binding failed: Symbol not found: ____chkstk_darwin
     Referenced from: /usr/local/bin/pandoc (which was built for Mac OS X 10.15)
     Expected in: /usr/lib/libSystem.B.dylib
    
    dyld: Symbol not found: ____chkstk_darwin
     Referenced from: /usr/local/bin/pandoc (which was built for Mac OS X 10.15)
     Expected in: /usr/lib/libSystem.B.dylib
    
    Error: processing vignette 'saltspring.Rmd' failed with diagnostics:
    pandoc document conversion failed with error 6
    --- failed re-building ‘saltspring.Rmd’
    
    --- re-building ‘tasmania.Rmd’ using rmarkdown_notangle
    dyld: lazy symbol binding failed: Symbol not found: ____chkstk_darwin
     Referenced from: /usr/local/bin/pandoc (which was built for Mac OS X 10.15)
     Expected in: /usr/lib/libSystem.B.dylib
    
    dyld: Symbol not found: ____chkstk_darwin
     Referenced from: /usr/local/bin/pandoc (which was built for Mac OS X 10.15)
     Expected in: /usr/lib/libSystem.B.dylib
    
    Error: processing vignette 'tasmania.Rmd' failed with diagnostics:
    pandoc document conversion failed with error 6
    --- failed re-building ‘tasmania.Rmd’
    
    --- re-building ‘zones.Rmd’ using rmarkdown_notangle
    dyld: lazy symbol binding failed: Symbol not found: ____chkstk_darwin
     Referenced from: /usr/local/bin/pandoc (which was built for Mac OS X 10.15)
     Expected in: /usr/lib/libSystem.B.dylib
    
    dyld: Symbol not found: ____chkstk_darwin
     Referenced from: /usr/local/bin/pandoc (which was built for Mac OS X 10.15)
     Expected in: /usr/lib/libSystem.B.dylib
    
    Error: processing vignette 'zones.Rmd' failed with diagnostics:
    pandoc document conversion failed with error 6
    --- failed re-building ‘zones.Rmd’
    
    SUMMARY: processing the following files failed:
     ‘gurobi_installation.Rmd’ ‘prioritizr.Rmd’ ‘publication_record.Rmd’
     ‘saltspring.Rmd’ ‘tasmania.Rmd’ ‘zones.Rmd’
    
    Error: Vignette re-building failed.
    Execution halted
Flavor: r-patched-osx-x86_64

Version: 4.1.5
Check: package dependencies
Result: NOTE
    Packages suggested but not available for checking: 'gurobi', 'Rsymphony'
Flavor: r-release-osx-x86_64

Version: 4.1.5
Check: package dependencies
Result: NOTE
    Packages suggested but not available for checking:
     ‘gurobi’ ‘lpsymphony’ ‘Rsymphony’
Flavor: r-oldrel-osx-x86_64