CRAN Package Check Results for Package primerTree

Last updated on 2020-04-25 01:53:13 CEST.

Flavor Version Tinstall Tcheck Ttotal Status Flags
r-devel-linux-x86_64-debian-clang 1.0.5 8.91 77.48 86.39 OK
r-devel-linux-x86_64-debian-gcc 1.0.5 7.37 57.84 65.21 OK
r-devel-linux-x86_64-fedora-clang 1.0.5 102.76 NOTE
r-devel-linux-x86_64-fedora-gcc 1.0.5 103.47 NOTE
r-devel-windows-ix86+x86_64 1.0.5 36.00 119.00 155.00 OK
r-patched-linux-x86_64 1.0.5 8.65 73.81 82.46 OK
r-patched-osx-x86_64 1.0.5 NOTE
r-patched-solaris-x86 1.0.5 146.30 NOTE
r-release-linux-x86_64 1.0.5 6.07 67.04 73.11 OK
r-release-windows-ix86+x86_64 1.0.5 33.00 114.00 147.00 OK
r-release-osx-x86_64 1.0.5 NOTE
r-oldrel-windows-ix86+x86_64 1.0.5 14.00 126.00 140.00 OK
r-oldrel-osx-x86_64 1.0.5 NOTE

Check Details

Version: 1.0.5
Check: dependencies in R code
Result: NOTE
    Namespace in Imports field not imported from: ‘RCurl’
     All declared Imports should be used.
Flavors: r-devel-linux-x86_64-fedora-clang, r-devel-linux-x86_64-fedora-gcc, r-patched-osx-x86_64, r-patched-solaris-x86, r-release-osx-x86_64, r-oldrel-osx-x86_64