CRAN Package Check Results for Package prevR

Last updated on 2020-04-25 01:53:13 CEST.

Flavor Version Tinstall Tcheck Ttotal Status Flags
r-devel-linux-x86_64-debian-clang 3.4.0 17.30 181.41 198.71 OK
r-devel-linux-x86_64-debian-gcc 3.4.0 14.02 135.23 149.25 OK
r-devel-linux-x86_64-fedora-clang 3.4.0 236.14 OK
r-devel-linux-x86_64-fedora-gcc 3.4.0 239.28 OK
r-devel-windows-ix86+x86_64 3.4.0 61.00 217.00 278.00 OK
r-patched-linux-x86_64 3.4.0 17.61 172.27 189.88 OK
r-patched-osx-x86_64 3.4.0 WARN
r-patched-solaris-x86 3.4.0 369.10 OK
r-release-linux-x86_64 3.4.0 13.43 162.86 176.29 OK
r-release-windows-ix86+x86_64 3.4.0 49.00 206.00 255.00 OK
r-release-osx-x86_64 3.4.0 OK
r-oldrel-windows-ix86+x86_64 3.4.0 20.00 291.00 311.00 OK
r-oldrel-osx-x86_64 3.4.0 OK

Check Details

Version: 3.4.0
Check: re-building of vignette outputs
Result: WARN
    Error(s) in re-building vignettes:
     ...
    --- re-building ‘intro_prevR.Rmd’ using rmarkdown
    dyld: lazy symbol binding failed: Symbol not found: ____chkstk_darwin
     Referenced from: /usr/local/bin/pandoc (which was built for Mac OS X 10.15)
     Expected in: /usr/lib/libSystem.B.dylib
    
    dyld: Symbol not found: ____chkstk_darwin
     Referenced from: /usr/local/bin/pandoc (which was built for Mac OS X 10.15)
     Expected in: /usr/lib/libSystem.B.dylib
    
    Error: processing vignette 'intro_prevR.Rmd' failed with diagnostics:
    pandoc document conversion failed with error 6
    --- failed re-building ‘intro_prevR.Rmd’
    
    SUMMARY: processing the following file failed:
     ‘intro_prevR.Rmd’
    
    Error: Vignette re-building failed.
    Execution halted
Flavor: r-patched-osx-x86_64