Last updated on 2020-04-25 01:53:13 CEST.
Flavor | Version | Tinstall | Tcheck | Ttotal | Status | Flags |
---|---|---|---|---|---|---|
r-devel-linux-x86_64-debian-clang | 1.2.0 | 5.69 | 392.55 | 398.24 | OK | |
r-devel-linux-x86_64-debian-gcc | 1.2.0 | 4.82 | 272.07 | 276.89 | OK | |
r-devel-linux-x86_64-fedora-clang | 1.2.0 | 442.70 | NOTE | |||
r-devel-linux-x86_64-fedora-gcc | 1.2.0 | 439.53 | NOTE | |||
r-devel-windows-ix86+x86_64 | 1.2.0 | 22.00 | 349.00 | 371.00 | OK | |
r-patched-linux-x86_64 | 1.2.0 | 5.07 | 368.60 | 373.67 | OK | |
r-patched-osx-x86_64 | 1.2.0 | WARN | ||||
r-patched-solaris-x86 | 1.2.0 | 789.00 | NOTE | |||
r-release-linux-x86_64 | 1.2.0 | 3.31 | 357.82 | 361.13 | OK | |
r-release-windows-ix86+x86_64 | 1.2.0 | 14.00 | 335.00 | 349.00 | OK | |
r-release-osx-x86_64 | 1.2.0 | NOTE | ||||
r-oldrel-windows-ix86+x86_64 | 1.2.0 | 6.00 | 430.00 | 436.00 | OK | |
r-oldrel-osx-x86_64 | 1.1.0 | NOTE |
Version: 1.2.0
Check: dependencies in R code
Result: NOTE
Namespaces in Imports field not imported from:
‘DT’ ‘shinyWidgets’
All declared Imports should be used.
Flavors: r-devel-linux-x86_64-fedora-clang, r-devel-linux-x86_64-fedora-gcc, r-patched-osx-x86_64, r-patched-solaris-x86, r-release-osx-x86_64
Version: 1.2.0
Check: re-building of vignette outputs
Result: WARN
Error(s) in re-building vignettes:
...
--- re-building ‘powdR_vignette.Rmd’ using rmarkdown
powdR: Full Pattern Summation of X-Ray Powder Diffraction Data
dyld: lazy symbol binding failed: Symbol not found: ____chkstk_darwin
Referenced from: /usr/local/bin/pandoc (which was built for Mac OS X 10.15)
Expected in: /usr/lib/libSystem.B.dylib
dyld: Symbol not found: ____chkstk_darwin
Referenced from: /usr/local/bin/pandoc (which was built for Mac OS X 10.15)
Expected in: /usr/lib/libSystem.B.dylib
Error: processing vignette 'powdR_vignette.Rmd' failed with diagnostics:
pandoc document conversion failed with error 6
--- failed re-building ‘powdR_vignette.Rmd’
SUMMARY: processing the following file failed:
‘powdR_vignette.Rmd’
Error: Vignette re-building failed.
Execution halted
Flavor: r-patched-osx-x86_64
Version: 1.1.0
Check: dependencies in R code
Result: NOTE
Namespaces in Imports field not imported from:
‘memisc’ ‘shinyWidgets’
All declared Imports should be used.
Flavor: r-oldrel-osx-x86_64