CRAN Package Check Results for Package polywog

Last updated on 2020-04-25 01:53:13 CEST.

Flavor Version Tinstall Tcheck Ttotal Status Flags
r-devel-linux-x86_64-debian-clang 0.4-1 63.56 75.01 138.57 OK
r-devel-linux-x86_64-debian-gcc 0.4-1 40.03 58.76 98.79 OK
r-devel-linux-x86_64-fedora-clang 0.4-1 183.27 OK
r-devel-linux-x86_64-fedora-gcc 0.4-1 170.26 OK
r-devel-windows-ix86+x86_64 0.4-1 163.00 132.00 295.00 OK
r-patched-linux-x86_64 0.4-1 47.79 72.33 120.12 OK
r-patched-osx-x86_64 0.4-1 OK
r-patched-solaris-x86 0.4-1 195.90 OK
r-release-linux-x86_64 0.4-1 46.81 66.78 113.59 OK
r-release-windows-ix86+x86_64 0.4-1 149.00 111.00 260.00 OK
r-release-osx-x86_64 0.4-1 FAIL
r-oldrel-windows-ix86+x86_64 0.4-1 84.00 169.00 253.00 OK
r-oldrel-osx-x86_64 0.4-1 OK

Check Details

Version: 0.4-1
Check: dependencies in R code
Result: FAIL
Flavor: r-release-osx-x86_64