CRAN Package Check Results for Package poliscidata

Last updated on 2020-04-25 01:53:12 CEST.

Flavor Version Tinstall Tcheck Ttotal Status Flags
r-devel-linux-x86_64-debian-clang 2.2.3 17.33 117.84 135.17 NOTE
r-devel-linux-x86_64-debian-gcc 2.2.3 14.61 89.55 104.16 NOTE
r-devel-linux-x86_64-fedora-clang 2.2.3 163.67 NOTE
r-devel-linux-x86_64-fedora-gcc 2.2.3 162.30 NOTE
r-devel-windows-ix86+x86_64 2.2.3 77.00 131.00 208.00 OK
r-patched-linux-x86_64 2.2.3 15.64 112.23 127.87 NOTE
r-patched-osx-x86_64 2.2.3 OK
r-patched-solaris-x86 2.2.3 244.90 NOTE
r-release-linux-x86_64 2.2.3 11.13 103.12 114.25 OK
r-release-windows-ix86+x86_64 2.2.3 60.00 127.00 187.00 OK
r-release-osx-x86_64 2.2.3 OK
r-oldrel-windows-ix86+x86_64 2.2.3 19.00 194.00 213.00 OK
r-oldrel-osx-x86_64 2.2.3 OK

Check Details

Version: 2.2.3
Check: for non-standard things in the check directory
Result: NOTE
    Found the following files/directories:
     'Table.Output.html'
Flavors: r-devel-linux-x86_64-debian-clang, r-devel-linux-x86_64-debian-gcc, r-devel-linux-x86_64-fedora-clang, r-devel-linux-x86_64-fedora-gcc, r-patched-linux-x86_64, r-patched-solaris-x86