CRAN Package Check Results for Package pls

Last updated on 2020-04-25 01:53:12 CEST.

Flavor Version Tinstall Tcheck Ttotal Status Flags
r-devel-linux-x86_64-debian-clang 2.7-2 6.09 60.84 66.93 OK
r-devel-linux-x86_64-debian-gcc 2.7-2 5.73 47.13 52.86 OK
r-devel-linux-x86_64-fedora-clang 2.7-2 83.44 OK
r-devel-linux-x86_64-fedora-gcc 2.7-2 81.95 OK
r-devel-windows-ix86+x86_64 2.7-2 13.00 74.00 87.00 OK
r-patched-linux-x86_64 2.7-2 5.99 59.41 65.40 OK
r-patched-osx-x86_64 2.7-2 NOTE
r-patched-solaris-x86 2.7-2 128.90 OK
r-release-linux-x86_64 2.7-2 4.60 56.21 60.81 OK
r-release-windows-ix86+x86_64 2.7-2 13.00 71.00 84.00 OK
r-release-osx-x86_64 2.7-2 NOTE
r-oldrel-windows-ix86+x86_64 2.7-2 8.00 113.00 121.00 OK
r-oldrel-osx-x86_64 2.7-2 NOTE

Check Details

Version: 2.7-2
Check: package dependencies
Result: NOTE
    Package suggested but not available for checking: ‘Rmpi’
Flavors: r-patched-osx-x86_64, r-release-osx-x86_64, r-oldrel-osx-x86_64