Last updated on 2020-04-25 01:53:12 CEST.
Flavor | Version | Tinstall | Tcheck | Ttotal | Status | Flags |
---|---|---|---|---|---|---|
r-devel-linux-x86_64-debian-clang | 0.2.1 | 2.03 | 37.07 | 39.10 | OK | |
r-devel-linux-x86_64-debian-gcc | 0.2.1 | 1.61 | 28.42 | 30.03 | OK | |
r-devel-linux-x86_64-fedora-clang | 0.2.1 | 47.57 | NOTE | |||
r-devel-linux-x86_64-fedora-gcc | 0.2.1 | 46.72 | NOTE | |||
r-devel-windows-ix86+x86_64 | 0.2.1 | 11.00 | 51.00 | 62.00 | OK | |
r-patched-linux-x86_64 | 0.2.1 | 1.51 | 35.66 | 37.17 | OK | |
r-patched-osx-x86_64 | 0.2.1 | NOTE | ||||
r-patched-solaris-x86 | 0.2.1 | 70.40 | NOTE | |||
r-release-linux-x86_64 | 0.2.1 | 1.69 | 33.18 | 34.87 | OK | |
r-release-windows-ix86+x86_64 | 0.2.1 | 7.00 | 45.00 | 52.00 | OK | |
r-release-osx-x86_64 | 0.2.1 | NOTE | ||||
r-oldrel-windows-ix86+x86_64 | 0.2.1 | 2.00 | 79.00 | 81.00 | OK | |
r-oldrel-osx-x86_64 | 0.2.1 | NOTE |
Version: 0.2.1
Check: dependencies in R code
Result: NOTE
Namespace in Imports field not imported from: ‘graphics’
All declared Imports should be used.
Flavors: r-devel-linux-x86_64-fedora-clang, r-devel-linux-x86_64-fedora-gcc, r-patched-osx-x86_64, r-patched-solaris-x86, r-release-osx-x86_64, r-oldrel-osx-x86_64