CRAN Package Check Results for Package plantecowrap

Last updated on 2020-04-25 01:53:11 CEST.

Flavor Version Tinstall Tcheck Ttotal Status Flags
r-devel-linux-x86_64-debian-clang 1.0.4 6.23 165.79 172.02 OK
r-devel-linux-x86_64-debian-gcc 1.0.4 5.20 116.48 121.68 OK
r-devel-linux-x86_64-fedora-clang 1.0.4 191.59 OK
r-devel-linux-x86_64-fedora-gcc 1.0.4 197.40 OK
r-devel-windows-ix86+x86_64 1.0.4 24.00 164.00 188.00 OK
r-patched-linux-x86_64 1.0.4 6.41 156.05 162.46 OK
r-patched-osx-x86_64 1.0.4 WARN
r-patched-solaris-x86 1.0.4 234.00 OK
r-release-linux-x86_64 1.0.4 5.33 140.27 145.60 OK
r-release-windows-ix86+x86_64 1.0.4 19.00 158.00 177.00 OK
r-release-osx-x86_64 1.0.4 OK
r-oldrel-windows-ix86+x86_64 1.0.4 7.00 235.00 242.00 OK

Check Details

Version: 1.0.4
Check: re-building of vignette outputs
Result: WARN
    Error(s) in re-building vignettes:
    --- re-building ‘Example_dataset_creation.Rmd’ using rmarkdown
    dyld: lazy symbol binding failed: Symbol not found: ____chkstk_darwin
     Referenced from: /usr/local/bin/pandoc (which was built for Mac OS X 10.15)
     Expected in: /usr/lib/libSystem.B.dylib
    
    dyld: Symbol not found: ____chkstk_darwin
     Referenced from: /usr/local/bin/pandoc (which was built for Mac OS X 10.15)
     Expected in: /usr/lib/libSystem.B.dylib
    
    Error: processing vignette 'Example_dataset_creation.Rmd' failed with diagnostics:
    pandoc document conversion failed with error 6
    --- failed re-building ‘Example_dataset_creation.Rmd’
    
    --- re-building ‘Using_plantecowrap.Rmd’ using rmarkdown
    dyld: lazy symbol binding failed: Symbol not found: ____chkstk_darwin
     Referenced from: /usr/local/bin/pandoc (which was built for Mac OS X 10.15)
     Expected in: /usr/lib/libSystem.B.dylib
    
    dyld: Symbol not found: ____chkstk_darwin
     Referenced from: /usr/local/bin/pandoc (which was built for Mac OS X 10.15)
     Expected in: /usr/lib/libSystem.B.dylib
    
    Error: processing vignette 'Using_plantecowrap.Rmd' failed with diagnostics:
    pandoc document conversion failed with error 6
    --- failed re-building ‘Using_plantecowrap.Rmd’
    
    SUMMARY: processing the following files failed:
     ‘Example_dataset_creation.Rmd’ ‘Using_plantecowrap.Rmd’
    
    Error: Vignette re-building failed.
    Execution halted
Flavor: r-patched-osx-x86_64