Last updated on 2020-04-25 01:53:11 CEST.
Flavor | Version | Tinstall | Tcheck | Ttotal | Status | Flags |
---|---|---|---|---|---|---|
r-devel-linux-x86_64-debian-clang | 0.1.2 | 7.17 | 46.90 | 54.07 | NOTE | |
r-devel-linux-x86_64-debian-gcc | 0.1.2 | 4.83 | 36.34 | 41.17 | NOTE | |
r-devel-linux-x86_64-fedora-clang | 0.1.2 | 63.57 | NOTE | |||
r-devel-linux-x86_64-fedora-gcc | 0.1.2 | 64.58 | NOTE | |||
r-devel-windows-ix86+x86_64 | 0.1.2 | 15.00 | 61.00 | 76.00 | OK | |
r-patched-linux-x86_64 | 0.1.2 | 7.15 | 47.37 | 54.52 | NOTE | |
r-patched-osx-x86_64 | 0.1.2 | OK | ||||
r-patched-solaris-x86 | 0.1.2 | 82.00 | NOTE | |||
r-release-linux-x86_64 | 0.1.2 | 4.95 | 43.30 | 48.25 | OK | |
r-release-windows-ix86+x86_64 | 0.1.2 | 13.00 | 54.00 | 67.00 | OK | |
r-release-osx-x86_64 | 0.1.2 | OK | ||||
r-oldrel-windows-ix86+x86_64 | 0.1.2 | 6.00 | 76.00 | 82.00 | OK | |
r-oldrel-osx-x86_64 | 0.1.2 | OK |
Version: 0.1.2
Check: for non-standard things in the check directory
Result: NOTE
Found the following files/directories:
'Indometh_Bolus_Linear_CoreOutput.txt'
'Indometh_Bolus_Log_CoreOutput.txt'
'Indometh_Infusion_Linear_CoreOutput.txt'
'Indometh_Infusion_Log_CoreOutput.txt' 'Output'
'Theoph_Linear_CoreOutput.txt' 'Theoph_Log_CoreOutput.txt'
Flavors: r-devel-linux-x86_64-debian-clang, r-devel-linux-x86_64-debian-gcc, r-devel-linux-x86_64-fedora-clang, r-devel-linux-x86_64-fedora-gcc, r-patched-linux-x86_64, r-patched-solaris-x86