CRAN Package Check Results for Package pkgdown

Last updated on 2020-04-25 01:53:11 CEST.

Flavor Version Tinstall Tcheck Ttotal Status Flags
r-devel-linux-x86_64-debian-clang 1.5.1 8.21 81.62 89.83 OK
r-devel-linux-x86_64-debian-gcc 1.5.1 6.27 64.12 70.39 OK
r-devel-linux-x86_64-fedora-clang 1.5.1 107.97 NOTE
r-devel-linux-x86_64-fedora-gcc 1.5.1 127.86 OK
r-devel-windows-ix86+x86_64 1.5.1 24.00 118.00 142.00 OK
r-patched-linux-x86_64 1.5.1 7.83 80.76 88.59 OK
r-patched-osx-x86_64 1.5.1 OK
r-patched-solaris-x86 1.5.1 117.00 ERROR
r-release-linux-x86_64 1.5.1 6.49 74.18 80.67 OK
r-release-windows-ix86+x86_64 1.5.1 17.00 177.00 194.00 OK
r-release-osx-x86_64 1.5.1 ERROR
r-oldrel-windows-ix86+x86_64 1.5.1 13.00 99.00 112.00 OK
r-oldrel-osx-x86_64 1.4.1 OK

Check Details

Version: 1.5.1
Check: package dependencies
Result: NOTE
    Imports includes 25 non-default packages.
    Importing from so many packages makes the package vulnerable to any of
    them becoming unavailable. Move as many as possible to Suggests and
    use conditionally.
Flavor: r-devel-linux-x86_64-fedora-clang

Version: 1.5.1
Check: tests
Result: ERROR
     Running ‘testthat.R’ [21s/86s]
    Running the tests in ‘tests/testthat.R’ failed.
    Complete output:
     > library(testthat)
     > library(pkgdown)
     >
     > test_check("pkgdown")
     ── 1. Error: empty string works (@test-markdown.R#2) ──────────────────────────
     Pandoc not available
     Backtrace:
     1. testthat::expect_equal(markdown_text(""), "")
     4. pkgdown:::markdown_text("")
     5. pkgdown:::markdown(tmp, ...)
    
     ── 2. Error: empty string works (@test-markdown.R#2) ──────────────────────────
     [ENOENT] Failed to remove '/tmp/RtmprmaGAY/working_dir/RtmpqDaWel/file162629b42b59.html': no such file or directory
     Backtrace:
     1. testthat::expect_equal(markdown_text(""), "")
     4. pkgdown:::markdown_text("")
     5. pkgdown:::markdown(tmp, ...)
     6. fs::file_delete(tmp)
    
     ══ testthat results ═══════════════════════════════════════════════════════════
     [ OK: 357 | SKIPPED: 32 | WARNINGS: 0 | FAILED: 2 ]
     1. Error: empty string works (@test-markdown.R#2)
     2. Error: empty string works (@test-markdown.R#2)
    
     Error: testthat unit tests failed
     Execution halted
Flavor: r-patched-solaris-x86

Version: 1.5.1
Check: tests
Result: ERROR
     Running ‘testthat.R’ [25s/33s]
    Running the tests in ‘tests/testthat.R’ failed.
    Last 13 lines of output:
     ── 2. Error: empty string works (@test-markdown.R#2) ──────────────────────────
     [ENOENT] Failed to remove '/tmp/RtmpoHNjAF/file950821506ce.html': no such file or directory
     Backtrace:
     1. testthat::expect_equal(markdown_text(""), "")
     4. pkgdown:::markdown_text("")
     5. pkgdown:::markdown(tmp, ...)
     6. fs::file_delete(tmp)
    
     ══ testthat results ═══════════════════════════════════════════════════════════
     [ OK: 361 | SKIPPED: 30 | WARNINGS: 1 | FAILED: 2 ]
     1. Error: empty string works (@test-markdown.R#2)
     2. Error: empty string works (@test-markdown.R#2)
    
     Error: testthat unit tests failed
     Execution halted
Flavor: r-release-osx-x86_64