CRAN Package Check Results for Package phylocanvas

Last updated on 2020-04-25 01:53:11 CEST.

Flavor Version Tinstall Tcheck Ttotal Status Flags
r-devel-linux-x86_64-debian-clang 0.1.3 8.06 72.71 80.77 OK
r-devel-linux-x86_64-debian-gcc 0.1.3 6.39 54.79 61.18 OK
r-devel-linux-x86_64-fedora-clang 0.1.3 98.73 OK
r-devel-linux-x86_64-fedora-gcc 0.1.3 100.22 OK
r-devel-windows-ix86+x86_64 0.1.3 40.00 87.00 127.00 OK
r-patched-linux-x86_64 0.1.3 7.86 68.56 76.42 OK
r-patched-osx-x86_64 0.1.3 WARN
r-patched-solaris-x86 0.1.3 143.60 WARN
r-release-linux-x86_64 0.1.3 6.91 62.96 69.87 OK
r-release-windows-ix86+x86_64 0.1.3 27.00 90.00 117.00 OK
r-release-osx-x86_64 0.1.3 WARN
r-oldrel-windows-ix86+x86_64 0.1.3 12.00 135.00 147.00 OK
r-oldrel-osx-x86_64 0.1.3 WARN

Check Details

Version: 0.1.3
Check: re-building of vignette outputs
Result: WARN
    Error(s) in re-building vignettes:
    --- re-building ‘Advanced_Usage.Rmd’ using rmarkdown
    Warning in asMethod(object) :
     trees with unknown order may be unsafe in ape
    Warning in asMethod(object) :
     trees with unknown order may be unsafe in ape
    Warning in asMethod(object) :
     trees with unknown order may be unsafe in ape
    dyld: lazy symbol binding failed: Symbol not found: ____chkstk_darwin
     Referenced from: /usr/local/bin/pandoc (which was built for Mac OS X 10.15)
     Expected in: /usr/lib/libSystem.B.dylib
    
    dyld: Symbol not found: ____chkstk_darwin
     Referenced from: /usr/local/bin/pandoc (which was built for Mac OS X 10.15)
     Expected in: /usr/lib/libSystem.B.dylib
    
    Error: processing vignette 'Advanced_Usage.Rmd' failed with diagnostics:
    pandoc document conversion failed with error 6
    --- failed re-building ‘Advanced_Usage.Rmd’
    
    --- re-building ‘Basic_Use.Rmd’ using rmarkdown
    dyld: lazy symbol binding failed: Symbol not found: ____chkstk_darwin
     Referenced from: /usr/local/bin/pandoc (which was built for Mac OS X 10.15)
     Expected in: /usr/lib/libSystem.B.dylib
    
    dyld: Symbol not found: ____chkstk_darwin
     Referenced from: /usr/local/bin/pandoc (which was built for Mac OS X 10.15)
     Expected in: /usr/lib/libSystem.B.dylib
    
    Error: processing vignette 'Basic_Use.Rmd' failed with diagnostics:
    pandoc document conversion failed with error 6
    --- failed re-building ‘Basic_Use.Rmd’
    
    SUMMARY: processing the following files failed:
     ‘Advanced_Usage.Rmd’ ‘Basic_Use.Rmd’
    
    Error: Vignette re-building failed.
    Execution halted
Flavor: r-patched-osx-x86_64

Version: 0.1.3
Check: re-building of vignette outputs
Result: WARN
    Error(s) in re-building vignettes:
     ...
    --- re-building ‘Advanced_Usage.Rmd’ using rmarkdown
    Warning in engine$weave(file, quiet = quiet, encoding = enc) :
     Pandoc (>= 1.12.3) and/or pandoc-citeproc not available. Falling back to R Markdown v1.
    Quitting from lines 20-27 (Advanced_Usage.Rmd)
    Error: processing vignette 'Advanced_Usage.Rmd' failed with diagnostics:
    there is no package called 'webshot'
    --- failed re-building ‘Advanced_Usage.Rmd’
    
    --- re-building ‘Basic_Use.Rmd’ using rmarkdown
    Warning in engine$weave(file, quiet = quiet, encoding = enc) :
     Pandoc (>= 1.12.3) and/or pandoc-citeproc not available. Falling back to R Markdown v1.
    Quitting from lines 30-32 (Basic_Use.Rmd)
    Error: processing vignette 'Basic_Use.Rmd' failed with diagnostics:
    there is no package called 'webshot'
    --- failed re-building ‘Basic_Use.Rmd’
    
    SUMMARY: processing the following files failed:
     ‘Advanced_Usage.Rmd’ ‘Basic_Use.Rmd’
    
    Error: Vignette re-building failed.
    Execution halted
Flavor: r-patched-solaris-x86

Version: 0.1.3
Check: re-building of vignette outputs
Result: WARN
    Error(s) in re-building vignettes:
    --- re-building ‘Advanced_Usage.Rmd’ using rmarkdown
    Warning in engine$weave(file, quiet = quiet, encoding = enc) :
     Pandoc (>= 1.12.3) and/or pandoc-citeproc not available. Falling back to R Markdown v1.
    Warning in normalizePath(f2) :
     path[1]="webshotc4dc454c7107.png": No such file or directory
    Warning in file(con, "rb") :
     cannot open file 'webshotc4dc454c7107.png': No such file or directory
    Quitting from lines 20-27 (Advanced_Usage.Rmd)
    Error: processing vignette 'Advanced_Usage.Rmd' failed with diagnostics:
    cannot open the connection
    --- failed re-building ‘Advanced_Usage.Rmd’
    
    --- re-building ‘Basic_Use.Rmd’ using rmarkdown
    Warning in engine$weave(file, quiet = quiet, encoding = enc) :
     Pandoc (>= 1.12.3) and/or pandoc-citeproc not available. Falling back to R Markdown v1.
    Quitting from lines 30-32 (Basic_Use.Rmd)
    Error: processing vignette 'Basic_Use.Rmd' failed with diagnostics:
    cannot open the connection
    --- failed re-building ‘Basic_Use.Rmd’
    
    SUMMARY: processing the following files failed:
     ‘Advanced_Usage.Rmd’ ‘Basic_Use.Rmd’
    
    Error: Vignette re-building failed.
    Execution halted
Flavor: r-release-osx-x86_64

Version: 0.1.3
Check: re-building of vignette outputs
Result: WARN
    Error in re-building vignettes:
     ...
    Warning in engine$weave(file, quiet = quiet, encoding = enc) :
     Pandoc (>= 1.12.3) and/or pandoc-citeproc not available. Falling back to R Markdown v1.
    Warning in normalizePath(f2) :
     path[1]="./webshot19c9635f8145.png": No such file or directory
    Warning in file(con, "rb") :
     cannot open file './webshot19c9635f8145.png': No such file or directory
    Quitting from lines 20-27 (Advanced_Usage.Rmd)
    Error: processing vignette 'Advanced_Usage.Rmd' failed with diagnostics:
    cannot open the connection
    Execution halted
Flavor: r-oldrel-osx-x86_64