CRAN Package Check Results for Package pheatmap

Last updated on 2020-04-25 01:53:11 CEST.

Flavor Version Tinstall Tcheck Ttotal Status Flags
r-devel-linux-x86_64-debian-clang 1.0.12 4.03 30.20 34.23 NOTE
r-devel-linux-x86_64-debian-gcc 1.0.12 2.88 24.24 27.12 NOTE
r-devel-linux-x86_64-fedora-clang 1.0.12 41.22 NOTE
r-devel-linux-x86_64-fedora-gcc 1.0.12 40.45 NOTE
r-devel-windows-ix86+x86_64 1.0.12 13.00 37.00 50.00 OK
r-patched-linux-x86_64 1.0.12 3.34 29.62 32.96 NOTE
r-patched-osx-x86_64 1.0.12 OK
r-patched-solaris-x86 1.0.12 59.10 NOTE
r-release-linux-x86_64 1.0.12 2.60 27.82 30.42 OK
r-release-windows-ix86+x86_64 1.0.12 9.00 39.00 48.00 OK
r-release-osx-x86_64 1.0.12 OK
r-oldrel-windows-ix86+x86_64 1.0.12 4.00 59.00 63.00 OK
r-oldrel-osx-x86_64 1.0.12 OK

Check Details

Version: 1.0.12
Check: for non-standard things in the check directory
Result: NOTE
    Found the following files/directories:
     'test.pdf'
Flavors: r-devel-linux-x86_64-debian-clang, r-devel-linux-x86_64-debian-gcc, r-devel-linux-x86_64-fedora-clang, r-devel-linux-x86_64-fedora-gcc, r-patched-linux-x86_64, r-patched-solaris-x86