Last updated on 2020-04-25 01:53:11 CEST.
Flavor | Version | Tinstall | Tcheck | Ttotal | Status | Flags |
---|---|---|---|---|---|---|
r-devel-linux-x86_64-debian-clang | 0.4.5 | 11.05 | 108.27 | 119.32 | OK | |
r-devel-linux-x86_64-debian-gcc | 0.4.5 | 8.71 | 82.46 | 91.17 | OK | |
r-devel-linux-x86_64-fedora-clang | 0.4.5 | 143.43 | OK | |||
r-devel-linux-x86_64-fedora-gcc | 0.4.5 | 147.07 | OK | |||
r-devel-windows-ix86+x86_64 | 0.4.5 | 20.00 | 129.00 | 149.00 | OK | |
r-patched-linux-x86_64 | 0.4.5 | 12.04 | 106.22 | 118.26 | OK | |
r-patched-osx-x86_64 | 0.4.5 | OK | ||||
r-patched-solaris-x86 | 0.4.5 | 185.10 | OK | |||
r-release-linux-x86_64 | 0.4.5 | 8.42 | 85.24 | 93.66 | NOTE | |
r-release-windows-ix86+x86_64 | 0.4.5 | 21.00 | 156.00 | 177.00 | OK | |
r-release-osx-x86_64 | 0.4.5 | OK | ||||
r-oldrel-windows-ix86+x86_64 | 0.4.5 | 10.00 | 113.00 | 123.00 | OK | |
r-oldrel-osx-x86_64 | 0.4.4 | OK |
Version: 0.4.5
Check: package dependencies
Result: NOTE
Package suggested but not available for checking: ‘rstanarm’
Flavor: r-release-linux-x86_64