Last updated on 2020-04-25 01:53:11 CEST.
Flavor | Version | Tinstall | Tcheck | Ttotal | Status | Flags |
---|---|---|---|---|---|---|
r-devel-linux-x86_64-debian-clang | 1.0.2 | 173.84 | 71.91 | 245.75 | OK | |
r-devel-linux-x86_64-debian-gcc | 1.0.2 | 116.59 | 99.02 | 215.61 | OK | |
r-devel-linux-x86_64-fedora-clang | 1.0.2 | 339.21 | NOTE | |||
r-devel-linux-x86_64-fedora-gcc | 1.0.2 | 313.59 | OK | |||
r-devel-windows-ix86+x86_64 | 1.0.2 | 446.00 | 121.00 | 567.00 | OK | |
r-patched-linux-x86_64 | 1.0.2 | 139.12 | 87.21 | 226.33 | OK | |
r-patched-osx-x86_64 | 1.0.2 | NOTE | ||||
r-patched-solaris-x86 | 1.0.2 | 296.00 | OK | |||
r-release-linux-x86_64 | 1.0.2 | 136.50 | 76.88 | 213.38 | OK | |
r-release-windows-ix86+x86_64 | 1.0.2 | 374.00 | 106.00 | 480.00 | OK | |
r-release-osx-x86_64 | 1.0.2 | NOTE | ||||
r-oldrel-windows-ix86+x86_64 | 1.0.2 | 279.00 | 138.00 | 417.00 | OK | |
r-oldrel-osx-x86_64 | 1.0.2 | NOTE |
Version: 1.0.2
Check: installed package size
Result: NOTE
installed size is 7.5Mb
sub-directories of 1Mb or more:
libs 7.3Mb
Flavors: r-devel-linux-x86_64-fedora-clang, r-patched-osx-x86_64, r-release-osx-x86_64, r-oldrel-osx-x86_64