CRAN Package Check Results for Package pdynmc

Last updated on 2020-04-25 01:53:10 CEST.

Flavor Version Tinstall Tcheck Ttotal Status Flags
r-devel-linux-x86_64-debian-clang 0.8.0 12.45 110.76 123.21 OK
r-devel-linux-x86_64-debian-gcc 0.8.0 10.10 84.18 94.28 OK
r-devel-linux-x86_64-fedora-clang 0.8.0 153.45 OK
r-devel-linux-x86_64-fedora-gcc 0.8.0 151.43 OK
r-devel-windows-ix86+x86_64 0.8.0 37.00 125.00 162.00 OK
r-patched-linux-x86_64 0.8.0 11.57 105.77 117.34 OK
r-patched-osx-x86_64 0.8.0 OK
r-patched-solaris-x86 0.8.0 212.50 OK
r-release-linux-x86_64 0.8.0 9.66 99.65 109.31 OK
r-release-windows-ix86+x86_64 0.8.0 30.00 127.00 157.00 OK
r-release-osx-x86_64 0.8.0 OK
r-oldrel-osx-x86_64 0.8.0 ERROR

Check Details

Version: 0.8.0
Check: package dependencies
Result: ERROR
    Package required and available but unsuitable version: ‘stats’
    
    See section ‘The DESCRIPTION file’ in the ‘Writing R Extensions’
    manual.
Flavor: r-oldrel-osx-x86_64