CRAN Package Check Results for Package pcFactorStan

Last updated on 2020-04-25 01:53:10 CEST.

Flavor Version Tinstall Tcheck Ttotal Status Flags
r-devel-linux-x86_64-debian-clang 1.4.0 895.30 264.89 1160.19 NOTE
r-devel-linux-x86_64-debian-gcc 1.4.0 762.35 210.74 973.09 NOTE
r-devel-linux-x86_64-fedora-clang 1.4.0 1757.60 NOTE
r-devel-linux-x86_64-fedora-gcc 1.4.0 1961.81 NOTE
r-devel-windows-ix86+x86_64 1.4.0 411.00 7.00 418.00 ERROR
r-patched-linux-x86_64 1.4.0 850.21 295.24 1145.45 NOTE
r-patched-osx-x86_64 1.4.0 NOTE
r-patched-solaris-x86 1.4.0 1639.30 NOTE
r-release-linux-x86_64 1.4.0 777.58 268.09 1045.67 NOTE
r-release-windows-ix86+x86_64 1.4.0 2057.00 544.00 2601.00 NOTE
r-release-osx-x86_64 1.4.0 NOTE
r-oldrel-windows-ix86+x86_64 1.4.0 1495.00 720.00 2215.00 NOTE
r-oldrel-osx-x86_64 1.4.0 NOTE

Check Details

Version: 1.4.0
Check: for GNU extensions in Makefiles
Result: NOTE
    GNU make is a SystemRequirements.
Flavors: r-devel-linux-x86_64-debian-clang, r-devel-linux-x86_64-debian-gcc, r-devel-linux-x86_64-fedora-clang, r-devel-linux-x86_64-fedora-gcc, r-patched-linux-x86_64, r-patched-osx-x86_64, r-patched-solaris-x86, r-release-linux-x86_64, r-release-windows-ix86+x86_64, r-release-osx-x86_64, r-oldrel-windows-ix86+x86_64, r-oldrel-osx-x86_64

Version: 1.4.0
Check: installed package size
Result: NOTE
     installed size is 156.7Mb
     sub-directories of 1Mb or more:
     doc 2.7Mb
     libs 153.4Mb
Flavors: r-devel-linux-x86_64-fedora-clang, r-patched-osx-x86_64, r-patched-solaris-x86, r-release-windows-ix86+x86_64, r-release-osx-x86_64, r-oldrel-windows-ix86+x86_64, r-oldrel-osx-x86_64

Version: 1.4.0
Check: whether package can be installed
Result: ERROR
    Installation failed.
Flavor: r-devel-windows-ix86+x86_64